{"id":2369,"date":"2024-07-30T17:47:17","date_gmt":"2024-07-30T17:47:17","guid":{"rendered":"https:\/\/help.unhcr.org\/costarica?page_id=2369"},"modified":"2024-08-01T16:49:14","modified_gmt":"2024-08-01T16:49:14","slug":"educacion-para-ninas-ninos-y-adolescentes","status":"publish","type":"page","link":"https:\/\/help.unhcr.org\/costarica\/sobre-el-sitio\/ninez\/educacion-para-ninas-ninos-y-adolescentes","title":{"rendered":"Educaci\u00f3n para ni\u00f1as, ni\u00f1os y adolescentes"},"content":{"rendered":"\n<p>La normativa nacional e internacional establece que <strong>todo ni\u00f1o, ni\u00f1a o adolescente que habite en Costa Rica, tiene el derecho y la obligaci\u00f3n de acceder a la educaci\u00f3n p\u00fablica, sin importar su nacionalidad o su condici\u00f3n migratoria<\/strong>. Este derecho no se puede limitar por ning\u00fan motivo.<\/p>\n\n\n\n<p>En Costa Rica, la instancia gubernamental encargada de garantizar el acceso a la educaci\u00f3n p\u00fablica preescolar, primaria y secundaria es el <a href=\"https:\/\/www.mep.go.cr\/\">Ministerio de Educaci\u00f3n P\u00fablica (MEP).<\/a><\/p>\n\n\n\n<p><br><\/p>\n","protected":false},"excerpt":{"rendered":"<p>La normativa nacional e internacional establece que todo ni\u00f1o, ni\u00f1a o adolescente que habite en Costa Rica, tiene el derecho y la obligaci\u00f3n de acceder a la educaci\u00f3n p\u00fablica, sin importar su nacionalidad o su condici\u00f3n migratoria. Este derecho no se puede limitar por ning\u00fan motivo. En Costa Rica, la instancia gubernamental encargada de garantizar [&hellip;]<\/p>\n","protected":false},"author":397,"featured_media":0,"parent":2354,"menu_order":0,"comment_status":"closed","ping_status":"closed","template":"page-templates\/sectioned.php","meta":{"_acf_changed":false,"footnotes":""},"class_list":["post-2369","page","type-page","status-publish","hentry"],"acf":[],"_links":{"self":[{"href":"https:\/\/help.unhcr.org\/costarica\/wp-json\/wp\/v2\/pages\/2369","targetHints":{"allow":["GET"]}}],"collection":[{"href":"https:\/\/help.unhcr.org\/costarica\/wp-json\/wp\/v2\/pages"}],"about":[{"href":"https:\/\/help.unhcr.org\/costarica\/wp-json\/wp\/v2\/types\/page"}],"author":[{"embeddable":true,"href":"https:\/\/help.unhcr.org\/costarica\/wp-json\/wp\/v2\/users\/397"}],"replies":[{"embeddable":true,"href":"https:\/\/help.unhcr.org\/costarica\/wp-json\/wp\/v2\/comments?post=2369"}],"version-history":[{"count":9,"href":"https:\/\/help.unhcr.org\/costarica\/wp-json\/wp\/v2\/pages\/2369\/revisions"}],"predecessor-version":[{"id":2470,"href":"https:\/\/help.unhcr.org\/costarica\/wp-json\/wp\/v2\/pages\/2369\/revisions\/2470"}],"up":[{"embeddable":true,"href":"https:\/\/help.unhcr.org\/costarica\/wp-json\/wp\/v2\/pages\/2354"}],"wp:attachment":[{"href":"https:\/\/help.unhcr.org\/costarica\/wp-json\/wp\/v2\/media?parent=2369"}],"curies":[{"name":"wp","href":"https:\/\/api.w.org\/{rel}","templated":true}]}}

Educación para niñas, niños y adolescentes

<p>La normativa nacional e internacional establece que <strong>todo niño, niña o adolescente que habite en Costa Rica, tiene el derecho y la obligación de acceder a la educación pública, sin importar su nacionalidad o su condición migratoria</strong>. Este derecho no se puede limitar por ningún motivo.</p>



<p>En Costa Rica, la instancia gubernamental encargada de garantizar el acceso a la educación pública preescolar, primaria y secundaria es el <a href="https://www.mep.go.cr/">Ministerio de Educación Pública (MEP).</a></p>



<p><br></p>

<p>La normativa nacional e internacional establece que todo niño, niña o adolescente que habite en Costa Rica, tiene el derecho y la obligación de acceder a la educación pública, sin importar su nacionalidad o su condición migratoria. Este derecho no se puede limitar por ningún motivo. En Costa Rica, la instancia gubernamental encargada de garantizar [&hellip;]</p>
