{"id":2354,"date":"2024-07-30T15:28:30","date_gmt":"2024-07-30T15:28:30","guid":{"rendered":"https:\/\/help.unhcr.org\/costarica?page_id=2354"},"modified":"2025-05-19T16:52:39","modified_gmt":"2025-05-19T16:52:39","slug":"ninez","status":"publish","type":"page","link":"https:\/\/help.unhcr.org\/costarica\/sobre-el-sitio\/ninez","title":{"rendered":"Ayuda para ni\u00f1as, ni\u00f1os y adolescentes"},"content":{"rendered":"\n<p><em>Las personas menores de edad tienen derechos a recibir protecci\u00f3n sin importar su pa\u00eds de origen.<\/em><\/p>\n\n\n\n<figure class=\"wp-block-image size-large is-resized\"><img loading=\"lazy\" decoding=\"async\" width=\"1024\" height=\"768\" src=\"https:\/\/help.unhcr.org\/costarica\/wp-content\/uploads\/sites\/2\/2024\/07\/E-2yCb1WUAQjG62-1024x768.jpg\" alt=\"\" class=\"wp-image-2355\" style=\"width:511px;height:auto\" srcset=\"https:\/\/help.unhcr.org\/costarica\/wp-content\/uploads\/sites\/2\/2024\/07\/E-2yCb1WUAQjG62-1024x768.jpg 1024w, https:\/\/help.unhcr.org\/costarica\/wp-content\/uploads\/sites\/2\/2024\/07\/E-2yCb1WUAQjG62-300x225.jpg 300w, https:\/\/help.unhcr.org\/costarica\/wp-content\/uploads\/sites\/2\/2024\/07\/E-2yCb1WUAQjG62-768x576.jpg 768w, https:\/\/help.unhcr.org\/costarica\/wp-content\/uploads\/sites\/2\/2024\/07\/E-2yCb1WUAQjG62.jpg 1280w\" sizes=\"auto, (max-width: 1024px) 100vw, 1024px\" \/><\/figure>\n\n\n\n<p><\/p>\n\n\n\n<p>En Costa Rica, la autoridad gubernamental a cargo de proteger a las personas menores de edad es el <strong>Patronato Nacional de Infancia (PANI). <\/strong>Puedes contactarles mediante la l\u00ednea gratuita 1147. Conoce m\u00e1s del PANI en su sitio web: <a href=\"https:\/\/pani.go.cr\/\">https:\/\/pani.go.cr\/<\/a><\/p>\n\n\n\n<p>Para solicitar asilo (refugio) como persona menor de edad al ingresar al pa\u00eds, basta con que te acerques a las autoridades en los puestos fronterizos o a la Polic\u00eda Profesional de Migraci\u00f3n y expongas tu caso. <strong>Al ser una persona menor de edad, es ilegal que se te impida el ingreso si no viajas con tus padres o encargados legales.<\/strong><\/p>\n\n\n\n<p>ACNUR, a trav\u00e9s de sus agencias socias <strong>DNI y Visi\u00f3n Mundial<\/strong>, lleva a cabo proyectos de protecci\u00f3n, empoderamiento, capacitaci\u00f3n y educaci\u00f3n con ni\u00f1as, ni\u00f1os y adolescentes. Adem\u00e1s, <strong>estas agencias socias brindan acompa\u00f1amiento para que personas menores de edad puedan regularizar su condici\u00f3n migratoria. <\/strong>Puedes contactarles para saber m\u00e1s:<\/p>\n\n\n\n<div class=\"wp-block-media-text is-stacked-on-mobile\" style=\"grid-template-columns:34% auto\"><figure class=\"wp-block-media-text__media\"><img loading=\"lazy\" decoding=\"async\" width=\"1024\" height=\"355\" src=\"https:\/\/help.unhcr.org\/costarica\/wp-content\/uploads\/sites\/2\/2024\/07\/logo-vision-mundial-con-R-1024x355.jpg\" alt=\"\" class=\"wp-image-2272 size-full\" srcset=\"https:\/\/help.unhcr.org\/costarica\/wp-content\/uploads\/sites\/2\/2024\/07\/logo-vision-mundial-con-R-1024x355.jpg 1024w, https:\/\/help.unhcr.org\/costarica\/wp-content\/uploads\/sites\/2\/2024\/07\/logo-vision-mundial-con-R-300x104.jpg 300w, https:\/\/help.unhcr.org\/costarica\/wp-content\/uploads\/sites\/2\/2024\/07\/logo-vision-mundial-con-R-768x267.jpg 768w, https:\/\/help.unhcr.org\/costarica\/wp-content\/uploads\/sites\/2\/2024\/07\/logo-vision-mundial-con-R-1536x533.jpg 1536w, https:\/\/help.unhcr.org\/costarica\/wp-content\/uploads\/sites\/2\/2024\/07\/logo-vision-mundial-con-R-2048x711.jpg 2048w\" sizes=\"auto, (max-width: 1024px) 100vw, 1024px\" \/><\/figure><div class=\"wp-block-media-text__content\">\n<p>?<strong>WhatsApp:<\/strong> <a href=\"http:\/\/wa.me\/50685311611\">+506 8531-1611<\/a><br>?<strong>Correo electr\u00f3nico:<\/strong> <a href=\"mailto:david_mora@wvi.org\">david_mora@wvi.org<\/a><br>?<strong>Facebook:<\/strong> <a href=\"https:\/\/www.facebook.com\/worldvisioncr\">https:\/\/www.facebook.com\/worldvisioncr<\/a><\/p>\n\n\n\n<p>?<strong>Direcci\u00f3n en San Jos\u00e9: <\/strong><a href=\"https:\/\/maps.app.goo.gl\/zbTTUnc8mUbLh5Su6\">https:\/\/maps.app.goo.gl\/zbTTUnc8mUbLh5Su6<\/a>               ? <strong>Direcci\u00f3n en Los Chiles: <\/strong><a href=\"https:\/\/maps.app.goo.gl\/H2iGoAkv5FW2V1bF8\">https:\/\/maps.app.goo.gl\/H2iGoAkv5FW2V1bF8<\/a><br><\/p>\n<\/div><\/div>\n\n\n\n<hr class=\"wp-block-separator has-alpha-channel-opacity\" \/>\n\n\n\n<div class=\"wp-block-media-text is-stacked-on-mobile\" style=\"grid-template-columns:34% auto\"><figure class=\"wp-block-media-text__media\"><img loading=\"lazy\" decoding=\"async\" width=\"1024\" height=\"415\" src=\"https:\/\/help.unhcr.org\/costarica\/wp-content\/uploads\/sites\/2\/2024\/07\/DNI-1024x415.png\" alt=\"Defensa de ni\u00f1as y ni\u00f1os internacional-DNI logo\" class=\"wp-image-2271 size-full\" srcset=\"https:\/\/help.unhcr.org\/costarica\/wp-content\/uploads\/sites\/2\/2024\/07\/DNI-1024x415.png 1024w, https:\/\/help.unhcr.org\/costarica\/wp-content\/uploads\/sites\/2\/2024\/07\/DNI-300x122.png 300w, https:\/\/help.unhcr.org\/costarica\/wp-content\/uploads\/sites\/2\/2024\/07\/DNI-768x311.png 768w, https:\/\/help.unhcr.org\/costarica\/wp-content\/uploads\/sites\/2\/2024\/07\/DNI-1536x623.png 1536w, https:\/\/help.unhcr.org\/costarica\/wp-content\/uploads\/sites\/2\/2024\/07\/DNI-2048x830.png 2048w\" sizes=\"auto, (max-width: 1024px) 100vw, 1024px\" \/><\/figure><div class=\"wp-block-media-text__content\">\n<p>\u260e\ufe0f<strong> Tel\u00e9fono:<\/strong> <a href=\"tel:22369134\">2236 9134<\/a><br>?<strong>WhatsApp: <\/strong><a href=\"http:\/\/wa.me\/50687962231\">+50687962231<\/a> \/ <a href=\"http:\/\/wa.me\/50689096721\">+50689096721<\/a><\/p>\n\n\n\n<p>?<strong>Correo electr\u00f3nico: <\/strong><a href=\"mailto:nnarefugiados@dnicostarica.org\">nnarefugiados@dnicostarica.org<\/a> \/ <a href=\"mailto:aledezma@dnicostarica.org\">aledezma@dnicostarica.org<\/a><\/p>\n\n\n\n<p>?<strong>Facebook:<\/strong> <a href=\"https:\/\/www.facebook.com\/dni.costarica\">https:\/\/www.facebook.com\/dni.costarica<\/a><\/p>\n\n\n\n<p>?<strong>Direcci\u00f3n en San Jos\u00e9: <\/strong><a href=\"https:\/\/maps.app.goo.gl\/pKMbU9w9mG75x6bE8\">https:\/\/maps.app.goo.gl\/pKMbU9w9mG75x6bE8<\/a><br><\/p>\n<\/div><\/div>\n\n\n\n<p>Adicionalmente, te compartimos un listado de organizaciones y agencias humanitarias que trabajan temas de ni\u00f1ez y adolescencia en Costa Rica. Presiona el nombre de la que te gustar\u00eda saber m\u00e1s:<\/p>\n\n\n\n<ul class=\"wp-block-list\">\n<li><a href=\"https:\/\/www.unicef.org\/costarica\/\">UNICEF (Fondo de las Naciones Unidas para la Infancia)<\/a><\/li>\n\n\n\n<li><a href=\"https:\/\/www.aldeasinfantiles.or.cr\/\">Aldeas Infantiles SOS<\/a><\/li>\n\n\n\n<li><a href=\"https:\/\/accionjoven.org\/\">Fundaci\u00f3n Acci\u00f3n Joven<\/a><\/li>\n\n\n\n<li><a href=\"https:\/\/www.facebook.com\/CruzRojaJuventudCostaRica\">Juventud Cruz Roja<\/a><\/li>\n\n\n\n<li><a href=\"https:\/\/www.facebook.com\/cepiacostarica1\">CEPIA<\/a><\/li>\n<\/ul>\n\n\n\n<h2 class=\"wp-block-heading\">Selecciona un tema sobre el que te gustar\u00eda aprender m\u00e1s:<\/h2>\n","protected":false},"excerpt":{"rendered":"<p>Las personas menores de edad tienen derechos a recibir protecci\u00f3n sin importar su pa\u00eds de origen. En Costa Rica, la autoridad gubernamental a cargo de proteger a las personas menores de edad es el Patronato Nacional de Infancia (PANI). Puedes contactarles mediante la l\u00ednea gratuita 1147. Conoce m\u00e1s del PANI en su sitio web: https:\/\/pani.go.cr\/ [&hellip;]<\/p>\n","protected":false},"author":397,"featured_media":0,"parent":55,"menu_order":5,"comment_status":"closed","ping_status":"closed","template":"page-templates\/listing_page.php","meta":{"_acf_changed":false,"footnotes":""},"class_list":["post-2354","page","type-page","status-publish","hentry"],"acf":[],"_links":{"self":[{"href":"https:\/\/help.unhcr.org\/costarica\/wp-json\/wp\/v2\/pages\/2354","targetHints":{"allow":["GET"]}}],"collection":[{"href":"https:\/\/help.unhcr.org\/costarica\/wp-json\/wp\/v2\/pages"}],"about":[{"href":"https:\/\/help.unhcr.org\/costarica\/wp-json\/wp\/v2\/types\/page"}],"author":[{"embeddable":true,"href":"https:\/\/help.unhcr.org\/costarica\/wp-json\/wp\/v2\/users\/397"}],"replies":[{"embeddable":true,"href":"https:\/\/help.unhcr.org\/costarica\/wp-json\/wp\/v2\/comments?post=2354"}],"version-history":[{"count":17,"href":"https:\/\/help.unhcr.org\/costarica\/wp-json\/wp\/v2\/pages\/2354\/revisions"}],"predecessor-version":[{"id":2880,"href":"https:\/\/help.unhcr.org\/costarica\/wp-json\/wp\/v2\/pages\/2354\/revisions\/2880"}],"up":[{"embeddable":true,"href":"https:\/\/help.unhcr.org\/costarica\/wp-json\/wp\/v2\/pages\/55"}],"wp:attachment":[{"href":"https:\/\/help.unhcr.org\/costarica\/wp-json\/wp\/v2\/media?parent=2354"}],"curies":[{"name":"wp","href":"https:\/\/api.w.org\/{rel}","templated":true}]}}