{"id":1444,"date":"2025-11-07T18:01:42","date_gmt":"2025-11-07T18:01:42","guid":{"rendered":"https:\/\/help.unhcr.org\/colombia\/?page_id=1444"},"modified":"2025-11-07T18:59:20","modified_gmt":"2025-11-07T18:59:20","slug":"derechos-de-los-refugiados","status":"publish","type":"page","link":"https:\/\/help.unhcr.org\/colombia\/derechos-de-los-refugiados\/","title":{"rendered":"Derechos de los refugiados"},"content":{"rendered":"\n<p>Si ha sido reconocido como refugiado en Colombia,&nbsp;<strong>tiene los mismos derechos que las personas extranjeras residentes de manera regular en el pa\u00eds<\/strong>. Esto incluye:&nbsp;<\/p>\n\n\n\n<ul class=\"wp-block-list\">\n<li><strong>No ser devuelto<\/strong>&nbsp;a otro pa\u00eds en donde su vida, libertad e integridad personal peligre&nbsp;<strong>Trabajo:<\/strong>&nbsp;acceder a un empleo remunerado o trabajar por cuenta propia.&nbsp;<\/li>\n<\/ul>\n\n\n\n<ul class=\"wp-block-list\">\n<li><strong>Educaci\u00f3n:<\/strong>&nbsp;acceder a instituciones educativas.&nbsp;&nbsp;<\/li>\n<\/ul>\n\n\n\n<ul class=\"wp-block-list\">\n<li><strong>Salud:&nbsp;<\/strong>acceder a servicios de salud y seguridad social.&nbsp;<\/li>\n<\/ul>\n\n\n\n<ul class=\"wp-block-list\">\n<li><strong>Libertad de movimiento y asociaci\u00f3n:<\/strong>&nbsp;desplazarse dentro del pa\u00eds y participar en organizaciones.&nbsp;<\/li>\n<\/ul>\n\n\n\n<ul class=\"wp-block-list\">\n<li><strong>Protecci\u00f3n en contra de la discriminaci\u00f3n:<\/strong>&nbsp;derecho a un trato justo y sin discriminaci\u00f3n.&nbsp;<\/li>\n<\/ul>\n\n\n\n<p>Documentaci\u00f3n&nbsp;<\/p>\n\n\n\n<p>Si el&nbsp;<strong>GIT-Refugio<\/strong>&nbsp;le notifica que le ha sido reconocida la condici\u00f3n de refugiado, podr\u00e1 tramitar un&nbsp;<strong>Documento de Viaje<\/strong>&nbsp;y una&nbsp;<strong>Visa M de refugiado<\/strong>&nbsp;ante el Grupo Interno de Trabajo de Visas.&nbsp;<\/p>\n\n\n\n<p>Una vez tramitados estos documentos, podr\u00e1 solicitar la expedici\u00f3n de la&nbsp;<strong>c\u00e9dula de extranjer\u00eda<\/strong>, que ser\u00e1 su documento de identidad en Colombia a trav\u00e9s de la p\u00e1gina web&nbsp;<a href=\"https:\/\/www.migracioncolombia.gov.co\/cedula-de-extranjeria\/tramite-de-cedula-de-extranjeria-ce\" target=\"_blank\" rel=\"noreferrer noopener\">Tr\u00e1mite de c\u00e9dula de extranjer\u00eda CE &#8211; MIGRACI\u00d3N COLOMBIA<\/a>.&nbsp;&nbsp;<\/p>\n\n\n\n<p>Para informaci\u00f3n adicional sobre los pasos para solicitar estos documentos consulte:\u00a0<a href=\"https:\/\/help.unhcr.org\/colombia\/solicitando-la-condicion-de-refugiado\/documentacion-para-personas-refugiadas\/\"><strong>Documentaci\u00f3n para personas refugiadas<\/strong>\u00a0<\/a><\/p>\n\n\n\n<p>Principio de unidad familiar\u00a0<\/p>\n\n\n\n<p>Si ha sido reconocido como refugiado, puede solicitar la extensi\u00f3n de esta condici\u00f3n para:&nbsp;<\/p>\n\n\n\n<ul class=\"wp-block-list\">\n<li>Su c\u00f3nyuge o compa\u00f1ero(a) permanente.&nbsp;<\/li>\n<\/ul>\n\n\n\n<ul class=\"wp-block-list\">\n<li>Sus hijos menores de edad.&nbsp;<\/li>\n<\/ul>\n\n\n\n<ul class=\"wp-block-list\">\n<li>Sus hijos de hasta 25 a\u00f1os que dependan econ\u00f3micamente de usted.&nbsp;<\/li>\n<\/ul>\n\n\n\n<ul class=\"wp-block-list\">\n<li>Sus hijos con discapacidad, seg\u00fan la legislaci\u00f3n colombiana.&nbsp;<\/li>\n<\/ul>\n\n\n\n<ul class=\"wp-block-list\">\n<li>Los hijos de su c\u00f3nyuge o compa\u00f1ero(a) permanente que cumplan con las condiciones anteriores.&nbsp;<\/li>\n<\/ul>\n\n\n\n<p><strong>Nota:<\/strong>&nbsp;para hacer esta solicitud, sus familiares deben estar f\u00edsicamente en Colombia y se le podr\u00e1 solicitar pruebas de la relaci\u00f3n familiar, convivencia o dependencia econ\u00f3mica.&nbsp;<\/p>\n\n\n\n<p>Obligaciones de los refugiados&nbsp;<\/p>\n\n\n\n<p>Como refugiado en Colombia, usted debe:&nbsp;<\/p>\n\n\n\n<ul class=\"wp-block-list\">\n<li>Cumplir con la Constituci\u00f3n Pol\u00edtica y las leyes del pa\u00eds.&nbsp;<\/li>\n<\/ul>\n\n\n\n<ul class=\"wp-block-list\">\n<li>Respetar a todas las personas, entidades y organismos p\u00fablicos y privados.&nbsp;<\/li>\n<\/ul>\n\n\n\n<ul class=\"wp-block-list\">\n<li>Mantener su documentaci\u00f3n actualizada.&nbsp;<\/li>\n<\/ul>\n\n\n\n<p>Para m\u00e1s informaci\u00f3n, consulte&nbsp;<a href=\"https:\/\/www.cancilleria.gov.co\/determinacion-condicion-refugiado\" target=\"_blank\" rel=\"noreferrer noopener\">Procedimiento de Determinaci\u00f3n de la Condici\u00f3n de Refugiado | Canciller\u00eda<\/a>,&nbsp;contacte al Punto de Atenci\u00f3n y Orientaci\u00f3n (PAO) m\u00e1s cercano&nbsp;(<a href=\"https:\/\/help.unhcr.org\/colombia\/bienvenido-a\/donde-encontrar-ayuda\/pao\/\" target=\"_blank\" rel=\"noreferrer noopener\">Puntos de Atenci\u00f3n y Orientaci\u00f3n (PAO) &#8211; ACNUR Colombia<\/a>)&nbsp;o solicite&nbsp;<a href=\"https:\/\/help.unhcr.org\/colombia\/bienvenido-a\/donde-encontrar-ayuda\/asistencia-legal\/\" target=\"_blank\" rel=\"noreferrer noopener\">Asistencia Legal &#8211; ACNUR Colombia<\/a>&nbsp;<\/p>\n\n\n\n<p><\/p>\n","protected":false},"excerpt":{"rendered":"<p>Si ha sido reconocido como refugiado en Colombia,&nbsp;tiene los mismos derechos que las personas extranjeras residentes de manera regular en el pa\u00eds. Esto incluye:&nbsp; Documentaci\u00f3n&nbsp; Si el&nbsp;GIT-Refugio&nbsp;le notifica que le ha sido reconocida la condici\u00f3n de refugiado, podr\u00e1 tramitar un&nbsp;Documento de Viaje&nbsp;y una&nbsp;Visa M de refugiado&nbsp;ante el Grupo Interno de Trabajo de Visas.&nbsp; Una vez [&hellip;]<\/p>\n","protected":false},"author":570,"featured_media":0,"parent":0,"menu_order":3,"comment_status":"closed","ping_status":"closed","template":"","meta":{"_acf_changed":false,"footnotes":""},"class_list":["post-1444","page","type-page","status-publish","hentry"],"acf":[],"_links":{"self":[{"href":"https:\/\/help.unhcr.org\/colombia\/wp-json\/wp\/v2\/pages\/1444","targetHints":{"allow":["GET"]}}],"collection":[{"href":"https:\/\/help.unhcr.org\/colombia\/wp-json\/wp\/v2\/pages"}],"about":[{"href":"https:\/\/help.unhcr.org\/colombia\/wp-json\/wp\/v2\/types\/page"}],"author":[{"embeddable":true,"href":"https:\/\/help.unhcr.org\/colombia\/wp-json\/wp\/v2\/users\/570"}],"replies":[{"embeddable":true,"href":"https:\/\/help.unhcr.org\/colombia\/wp-json\/wp\/v2\/comments?post=1444"}],"version-history":[{"count":3,"href":"https:\/\/help.unhcr.org\/colombia\/wp-json\/wp\/v2\/pages\/1444\/revisions"}],"predecessor-version":[{"id":1484,"href":"https:\/\/help.unhcr.org\/colombia\/wp-json\/wp\/v2\/pages\/1444\/revisions\/1484"}],"wp:attachment":[{"href":"https:\/\/help.unhcr.org\/colombia\/wp-json\/wp\/v2\/media?parent=1444"}],"curies":[{"name":"wp","href":"https:\/\/api.w.org\/{rel}","templated":true}]}}

<p>Si ha sido reconocido como refugiado en Colombia,&nbsp;<strong>tiene los mismos derechos que las personas extranjeras residentes de manera regular en el país</strong>. Esto incluye:&nbsp;</p>



<ul class="wp-block-list">
<li><strong>No ser devuelto</strong>&nbsp;a otro país en donde su vida, libertad e integridad personal peligre&nbsp;<strong>Trabajo:</strong>&nbsp;acceder a un empleo remunerado o trabajar por cuenta propia.&nbsp;</li>
</ul>



<ul class="wp-block-list">
<li><strong>Educación:</strong>&nbsp;acceder a instituciones educativas.&nbsp;&nbsp;</li>
</ul>



<ul class="wp-block-list">
<li><strong>Salud:&nbsp;</strong>acceder a servicios de salud y seguridad social.&nbsp;</li>
</ul>



<ul class="wp-block-list">
<li><strong>Libertad de movimiento y asociación:</strong>&nbsp;desplazarse dentro del país y participar en organizaciones.&nbsp;</li>
</ul>



<ul class="wp-block-list">
<li><strong>Protección en contra de la discriminación:</strong>&nbsp;derecho a un trato justo y sin discriminación.&nbsp;</li>
</ul>



<p>Documentación&nbsp;</p>



<p>Si el&nbsp;<strong>GIT-Refugio</strong>&nbsp;le notifica que le ha sido reconocida la condición de refugiado, podrá tramitar un&nbsp;<strong>Documento de Viaje</strong>&nbsp;y una&nbsp;<strong>Visa M de refugiado</strong>&nbsp;ante el Grupo Interno de Trabajo de Visas.&nbsp;</p>



<p>Una vez tramitados estos documentos, podrá solicitar la expedición de la&nbsp;<strong>cédula de extranjería</strong>, que será su documento de identidad en Colombia a través de la página web&nbsp;<a href="https://www.migracioncolombia.gov.co/cedula-de-extranjeria/tramite-de-cedula-de-extranjeria-ce" target="_blank" rel="noreferrer noopener">Trámite de cédula de extranjería CE &#8211; MIGRACIÓN COLOMBIA</a>.&nbsp;&nbsp;</p>



<p>Para información adicional sobre los pasos para solicitar estos documentos consulte: <a href="https://help.unhcr.org/colombia/solicitando-la-condicion-de-refugiado/documentacion-para-personas-refugiadas/"><strong>Documentación para personas refugiadas</strong> </a></p>



<p>Principio de unidad familiar </p>



<p>Si ha sido reconocido como refugiado, puede solicitar la extensión de esta condición para:&nbsp;</p>



<ul class="wp-block-list">
<li>Su cónyuge o compañero(a) permanente.&nbsp;</li>
</ul>



<ul class="wp-block-list">
<li>Sus hijos menores de edad.&nbsp;</li>
</ul>



<ul class="wp-block-list">
<li>Sus hijos de hasta 25 años que dependan económicamente de usted.&nbsp;</li>
</ul>



<ul class="wp-block-list">
<li>Sus hijos con discapacidad, según la legislación colombiana.&nbsp;</li>
</ul>



<ul class="wp-block-list">
<li>Los hijos de su cónyuge o compañero(a) permanente que cumplan con las condiciones anteriores.&nbsp;</li>
</ul>



<p><strong>Nota:</strong>&nbsp;para hacer esta solicitud, sus familiares deben estar físicamente en Colombia y se le podrá solicitar pruebas de la relación familiar, convivencia o dependencia económica.&nbsp;</p>



<p>Obligaciones de los refugiados&nbsp;</p>



<p>Como refugiado en Colombia, usted debe:&nbsp;</p>



<ul class="wp-block-list">
<li>Cumplir con la Constitución Política y las leyes del país.&nbsp;</li>
</ul>



<ul class="wp-block-list">
<li>Respetar a todas las personas, entidades y organismos públicos y privados.&nbsp;</li>
</ul>



<ul class="wp-block-list">
<li>Mantener su documentación actualizada.&nbsp;</li>
</ul>



<p>Para más información, consulte&nbsp;<a href="https://www.cancilleria.gov.co/determinacion-condicion-refugiado" target="_blank" rel="noreferrer noopener">Procedimiento de Determinación de la Condición de Refugiado | Cancillería</a>,&nbsp;contacte al Punto de Atención y Orientación (PAO) más cercano&nbsp;(<a href="https://help.unhcr.org/colombia/bienvenido-a/donde-encontrar-ayuda/pao/" target="_blank" rel="noreferrer noopener">Puntos de Atención y Orientación (PAO) &#8211; ACNUR Colombia</a>)&nbsp;o solicite&nbsp;<a href="https://help.unhcr.org/colombia/bienvenido-a/donde-encontrar-ayuda/asistencia-legal/" target="_blank" rel="noreferrer noopener">Asistencia Legal &#8211; ACNUR Colombia</a>&nbsp;</p>



<p></p>

<p>Si ha sido reconocido como refugiado en Colombia,&nbsp;tiene los mismos derechos que las personas extranjeras residentes de manera regular en el país. Esto incluye:&nbsp; Documentación&nbsp; Si el&nbsp;GIT-Refugio&nbsp;le notifica que le ha sido reconocida la condición de refugiado, podrá tramitar un&nbsp;Documento de Viaje&nbsp;y una&nbsp;Visa M de refugiado&nbsp;ante el Grupo Interno de Trabajo de Visas.&nbsp; Una vez [&hellip;]</p>
