{"id":934,"date":"2025-05-21T21:36:07","date_gmt":"2025-05-21T21:36:07","guid":{"rendered":"https:\/\/help.unhcr.org\/chile\/?page_id=934"},"modified":"2025-05-28T21:15:49","modified_gmt":"2025-05-28T21:15:49","slug":"tu-opinion-nos-importa-cuentanos-tus-dudas-quejas-o-sugerencias","status":"publish","type":"page","link":"https:\/\/help.unhcr.org\/chile\/tu-opinion-nos-importa-cuentanos-tus-dudas-quejas-o-sugerencias\/","title":{"rendered":"Tu opini\u00f3n nos importa: cu\u00e9ntanos tus dudas, quejas o sugerencias"},"content":{"rendered":"\n<p>Tanto la Oficina del ACNUR como sus agencias socias tienen la obligaci\u00f3n de rendir cuentas a las personas de inter\u00e9s para contar con su participaci\u00f3n activa y garantizar su oportunidad de plantear consultas, brindar retroalimentaci\u00f3n y recibir una respuesta.<\/p>\n\n\n\n<p>Los mecanismos de retroalimentaci\u00f3n y respuesta responden a la necesidad de fortalecer las acciones de rendici\u00f3n de cuentas a la poblaci\u00f3n y representan una prioridad tanto para el trabajo del ACNUR como de las organizaciones socias.<\/p>\n\n\n\n<p>Las personas para la que el ACNUR y sus agencias socias trabajan tienen el derecho de hacer consultas, proporcionar comentarios y sugerencias sobre asuntos que afectan sus vidas y de presentar quejas ante las faltas de conducta del personal humanitario.<\/p>\n\n\n\n<p>Las personas contratadas por el ACNUR y quienes trabajan en sus agencias socias, deben cumplir con altos est\u00e1ndares de conducta. <strong>Todos los servicios brindados por ACNUR son gratuitos<\/strong>, por lo cual nadie puede pedirle nada a cambio.<\/p>\n\n\n\n<p>Si ha sufrido una falta de conducta por parte de personal humanitario como, por ejemplo, fraude, acoso, abuso de poder, violencia, discriminaci\u00f3n, explotaci\u00f3n o abuso sexual, o conoce alguien que puede haberlo sufrido, tiene derecho a reportar. Tambi\u00e9n podr\u00e1 compartir sus sugerencias para mejorar los servicios y la atenci\u00f3n brindada por ACNUR y sus agencias socias.<\/p>\n\n\n\n<p>Puede presentar sus dudas, quejas o sugerencias escribiendo a: buzonchile@unhcr.org<\/p>\n\n\n\n<p>O en el siguiente formulario: <a href=\"https:\/\/eur02.safelinks.protection.outlook.com\/?url=https%3A%2F%2Fenketo.unhcr.org%2Fx%2FWh69uZmL&amp;data=05%7C02%7Calvarezv%40unhcr.org%7C35c9e7d424024282d33d08dd99fda81f%7Ce5c37981666441348a0c6543d2af80be%7C0%7C0%7C638836036932238828%7CUnknown%7CTWFpbGZsb3d8eyJFbXB0eU1hcGkiOnRydWUsIlYiOiIwLjAuMDAwMCIsIlAiOiJXaW4zMiIsIkFOIjoiTWFpbCIsIldUIjoyfQ%3D%3D%7C0%7C%7C%7C&amp;sdata=3uL%2BjVWkNNJouclDVDCD9C%2F4bODcAiCWhvvMhdf78Q4%3D&amp;reserved=0\">Formulario autoaplicado &#8211; Tu opini\u00f3n nos importa<\/a><\/p>\n\n\n\n<p><strong>Su retroalimentaci\u00f3n ser\u00e1 tratada de forma confidencial, segura y recibir\u00e1 respuesta y acompa\u00f1amiento.<\/strong> <\/p>\n\n\n\n<p><\/p>\n","protected":false},"excerpt":{"rendered":"<p>Tanto la Oficina del ACNUR como sus agencias socias tienen la obligaci\u00f3n de rendir cuentas a las personas de inter\u00e9s para contar con su participaci\u00f3n activa y garantizar su oportunidad de plantear consultas, brindar retroalimentaci\u00f3n y recibir una respuesta. Los mecanismos de retroalimentaci\u00f3n y respuesta responden a la necesidad de fortalecer las acciones de rendici\u00f3n [&hellip;]<\/p>\n","protected":false},"author":474,"featured_media":0,"parent":0,"menu_order":3,"comment_status":"closed","ping_status":"closed","template":"","meta":{"_acf_changed":false,"footnotes":""},"class_list":["post-934","page","type-page","status-publish","hentry"],"acf":[],"_links":{"self":[{"href":"https:\/\/help.unhcr.org\/chile\/wp-json\/wp\/v2\/pages\/934","targetHints":{"allow":["GET"]}}],"collection":[{"href":"https:\/\/help.unhcr.org\/chile\/wp-json\/wp\/v2\/pages"}],"about":[{"href":"https:\/\/help.unhcr.org\/chile\/wp-json\/wp\/v2\/types\/page"}],"author":[{"embeddable":true,"href":"https:\/\/help.unhcr.org\/chile\/wp-json\/wp\/v2\/users\/474"}],"replies":[{"embeddable":true,"href":"https:\/\/help.unhcr.org\/chile\/wp-json\/wp\/v2\/comments?post=934"}],"version-history":[{"count":2,"href":"https:\/\/help.unhcr.org\/chile\/wp-json\/wp\/v2\/pages\/934\/revisions"}],"predecessor-version":[{"id":939,"href":"https:\/\/help.unhcr.org\/chile\/wp-json\/wp\/v2\/pages\/934\/revisions\/939"}],"wp:attachment":[{"href":"https:\/\/help.unhcr.org\/chile\/wp-json\/wp\/v2\/media?parent=934"}],"curies":[{"name":"wp","href":"https:\/\/api.w.org\/{rel}","templated":true}]}}