{"id":689,"date":"2023-09-25T19:03:45","date_gmt":"2023-09-25T19:03:45","guid":{"rendered":"https:\/\/help.unhcr.org\/chile\/?page_id=689"},"modified":"2025-03-05T13:44:57","modified_gmt":"2025-03-05T13:44:57","slug":"viajar-a-otros-paises","status":"publish","type":"page","link":"https:\/\/help.unhcr.org\/chile\/viajar-a-otros-paises\/","title":{"rendered":"Viajar a otros pa\u00edses"},"content":{"rendered":"\n<p>A continuaci\u00f3n, encontrar\u00e1s algunas informaciones \u00fatiles si lo que buscas es establecerte en un pa\u00eds diferente a Chile:<\/p>\n\n\n\n<h3 class=\"wp-block-heading\"><strong><mark class=\"has-inline-color has-vivid-red-color\">Pa\u00edses fronterizos a Chile<\/mark><\/strong><\/h3>\n\n\n\n<p>En caso de que al salir de Chile tu destino sea Per\u00fa, Bolivia o Argentina, a continuaci\u00f3n encontrar\u00e1s informaci\u00f3n sobre los requisitos de ingreso a cada uno de ellos.&nbsp;&nbsp;<\/p>\n\n\n\n<p>En caso de que al salir de Chile tu destino sea Per\u00fa, Bolivia o Argentina, a continuaci\u00f3n encontrar\u00e1s informaci\u00f3n sobre los requisitos de ingreso a cada uno de ellos.&nbsp;<\/p>\n\n\n\n<p><strong><strong><mark class=\"has-inline-color has-vivid-red-color\">Per\u00fa<\/mark><\/strong><\/strong><\/p>\n\n\n\n<p>Puedes revisar <a href=\"https:\/\/cdn.www.gob.pe\/uploads\/document\/file\/3255212\/Requerimientos%20de%20visa%20para%20ciudadanos%20extranjeros.pdf?v=1655248902\">aqu\u00ed<\/a> si los ciudadanos de tu pa\u00eds requieren visa para ingresar a Per\u00fa.<\/p>\n\n\n\n<p><strong>NOTA<\/strong>: Si tienes una residencia vigente en Per\u00fa y saliste hacia otro pa\u00eds por paso no habilitado, es altamente probable que tu permiso de residencia ya no sea v\u00e1lido. Salir de Per\u00fa por paso no habilitado, implica no poder volver a ingresar.&nbsp;<\/p>\n\n\n\n<p><strong><strong><strong><mark class=\"has-inline-color has-vivid-red-color\">Bolivia<\/mark><\/strong><\/strong><\/strong><\/p>\n\n\n\n<p>Puedes revisar <a href=\"https:\/\/migracion.gob.bo\/pagina\/tramite.html\">aqu\u00ed<\/a> los requisitos para ciudadanos de tu pa\u00eds.&nbsp;<\/p>\n\n\n\n<p><strong>NOTA<\/strong>: las personas extranjeras que lleguen y permanezcan en el Estado Plurinacional de Bolivia, con car\u00e1cter obligatorio deber\u00e1n realizar el registro de personas extranjeras, mediante el uso de la Plataforma Inform\u00e1tica \u2013&nbsp;<strong>Sistema de Gesti\u00f3n Migratoria (SIGEMIG),<\/strong>&nbsp;a trav\u00e9s de la p\u00e1gina web: <a href=\"http:\/\/www.migracion.gob.bo\/\"><strong>www.migracion.gob.bo<\/strong><\/a><strong>.<\/strong><\/p>\n\n\n\n<p><strong><strong><strong><strong><strong><mark class=\"has-inline-color has-vivid-red-color\">Argentina<\/mark><\/strong><\/strong><\/strong><\/strong><\/strong><\/p>\n\n\n\n<p>Ciudadanos de Brasil, Bolivia, Uruguay, Paraguay, Chile, Per\u00fa, Venezuela, Ecuador y Colombia que viajan a Argentina con fines de turismo, pueden ingresar al territorio nacional portando su c\u00e9dula nacional de identidad o documento de viaje vigente.&nbsp;<\/p>\n\n\n\n<p>Puedes revisar <a href=\"https:\/\/www.migraciones.gov.ar\/accesible\/indexdnm.php?visas\"><strong>aqu\u00ed<\/strong><\/a><strong> <\/strong>si los ciudadanos de tu pa\u00eds requieren visa para ingresar a Argentina.<\/p>\n\n\n\n<h3 class=\"wp-block-heading\"><strong><strong><mark class=\"has-inline-color has-vivid-red-color\">El cruce por el Dari\u00e9n<\/mark><\/strong><\/strong><\/h3>\n\n\n\n<p>\u00a1No le creas a nadie que te prometa un viaje f\u00e1cil por el Dari\u00e9n para llegar a Centro y Norteam\u00e9rica!<\/p>\n\n\n\n<p>Esta selva siempre implica peligros extremos que pueden poner en riesgo tu vida, tu dignidad, tu libertad y la de quienes te acompa\u00f1an en el viaje.&nbsp;<\/p>\n\n\n\n<p>Al cruzar la selva del Dari\u00e9n te expones a:<\/p>\n\n\n\n<p>\u2757\ufe0fViolencia f\u00edsica o sexual \u2757\ufe0fSeparaci\u00f3n familiar y desaparici\u00f3n\u2757\ufe0fExtorsi\u00f3n\u2757\ufe0fRobo\u2757\ufe0fExplotaci\u00f3n sexual y laboral\u2757\ufe0fDesgaste f\u00edsico\u2757\ufe0fAccidentes por las condiciones del terreno\u2757\ufe0fPicaduras o ataques de animales salvajes&nbsp;<\/p>\n\n\n\n<p><strong>Conf\u00eda en el Tuc\u00e1n<\/strong><strong><\/strong><\/p>\n\n\n\n<p>El Tuc\u00e1n se dedica a combatir las publicaciones falsas y brinda informaci\u00f3n confiable y verificada sobre la selva del Dari\u00e9n, que conecta Panam\u00e1 y Colombia.<\/p>\n\n\n\n<p>B\u00fascalo en <a href=\"https:\/\/www.tiktok.com\/@confiaeneltucan\">https:\/\/www.tiktok.com\/@confiaeneltucan<\/a> y en <a href=\"https:\/\/www.facebook.com\/ConfiaEnElTucan\/\">https:\/\/www.facebook.com\/ConfiaEnElTucan\/<\/a> donde encontrar\u00e1s informaci\u00f3n segura y confiable sobre Panam\u00e1 y la selva del Dari\u00e9n.<\/p>\n\n\n\n<p><strong>Conf\u00eda en el Jaguar: informaci\u00f3n en M\u00e9xico<\/strong><strong><\/strong><\/p>\n\n\n\n<p>Si buscas informaci\u00f3n sobre c\u00f3mo solicitar asilo u otros estatutos de protecci\u00f3n en M\u00e9xico: \u00a1Conf\u00eda en el Jaguar!<\/p>\n\n\n\n<p>En la p\u00e1gina de Facebook de <a href=\"https:\/\/www.facebook.com\/ConfiaEnElJaguar\">Conf\u00eda en el Jaguar<\/a>, se comparten a diario mensajes de informaci\u00f3n y protecci\u00f3n. Puedes preguntarle a trav\u00e9s de Messenger de Facebook a El Jaguar cualquier duda que tengas al respecto y \u00e9l te contestar\u00e1 directamente. Aqu\u00ed podr\u00e1s enterarte de:<\/p>\n\n\n\n<ul class=\"wp-block-list\">\n<li>Eventuales peligros de qu\u00e9 cuidarte<\/li>\n\n\n\n<li>D\u00f3nde puedes encontrar ayuda en M\u00e9xico<\/li>\n\n\n\n<li>Cu\u00e1les son tus derechos<\/li>\n\n\n\n<li>El paso a paso para solicitar protecci\u00f3n como persona refugiada<\/li>\n\n\n\n<li>Experiencias de personas en tu misma situaci\u00f3n<\/li>\n\n\n\n<li>Informaci\u00f3n de c\u00f3mo puedes regularizar tu condici\u00f3n migratoria<\/li>\n\n\n\n<li>Albergues y organizaciones que pueden ayudarte<\/li>\n\n\n\n<li>Tips para ni\u00f1as, ni\u00f1os y adolescentes<\/li>\n\n\n\n<li>Mensajes dirigidos a personas LGBTIA+<\/li>\n<\/ul>\n","protected":false},"excerpt":{"rendered":"<p>A continuaci\u00f3n, encontrar\u00e1s algunas informaciones \u00fatiles si lo que buscas es establecerte en un pa\u00eds diferente a Chile: Pa\u00edses fronterizos a Chile En caso de que al salir de Chile tu destino sea Per\u00fa, Bolivia o Argentina, a continuaci\u00f3n encontrar\u00e1s informaci\u00f3n sobre los requisitos de ingreso a cada uno de ellos.&nbsp;&nbsp; En caso de que [&hellip;]<\/p>\n","protected":false},"author":331,"featured_media":0,"parent":0,"menu_order":7,"comment_status":"closed","ping_status":"closed","template":"","meta":{"_acf_changed":false,"footnotes":""},"class_list":["post-689","page","type-page","status-publish","hentry"],"acf":[],"_links":{"self":[{"href":"https:\/\/help.unhcr.org\/chile\/wp-json\/wp\/v2\/pages\/689","targetHints":{"allow":["GET"]}}],"collection":[{"href":"https:\/\/help.unhcr.org\/chile\/wp-json\/wp\/v2\/pages"}],"about":[{"href":"https:\/\/help.unhcr.org\/chile\/wp-json\/wp\/v2\/types\/page"}],"author":[{"embeddable":true,"href":"https:\/\/help.unhcr.org\/chile\/wp-json\/wp\/v2\/users\/331"}],"replies":[{"embeddable":true,"href":"https:\/\/help.unhcr.org\/chile\/wp-json\/wp\/v2\/comments?post=689"}],"version-history":[{"count":4,"href":"https:\/\/help.unhcr.org\/chile\/wp-json\/wp\/v2\/pages\/689\/revisions"}],"predecessor-version":[{"id":891,"href":"https:\/\/help.unhcr.org\/chile\/wp-json\/wp\/v2\/pages\/689\/revisions\/891"}],"wp:attachment":[{"href":"https:\/\/help.unhcr.org\/chile\/wp-json\/wp\/v2\/media?parent=689"}],"curies":[{"name":"wp","href":"https:\/\/api.w.org\/{rel}","templated":true}]}}