{"id":664,"date":"2023-09-25T17:11:21","date_gmt":"2023-09-25T17:11:21","guid":{"rendered":"https:\/\/help.unhcr.org\/chile\/?page_id=664"},"modified":"2025-04-08T16:57:59","modified_gmt":"2025-04-08T16:57:59","slug":"atencion-a-nivel-nacional","status":"publish","type":"page","link":"https:\/\/help.unhcr.org\/chile\/ayuda-y-orientacion\/atencion-a-nivel-nacional\/","title":{"rendered":"Atenci\u00f3n a nivel nacional"},"content":{"rendered":"\n<h4 class=\"wp-block-heading\"><strong><mark class=\"has-inline-color has-vivid-red-color\"><strong>Atenci\u00f3n a personas refugiadas y en riesgo de apatridia<\/strong><\/mark><\/strong><\/h4>\n\n\n\n<p><\/p>\n\n\n\n<p><strong>ACNUR<\/strong><\/p>\n\n\n\n<ul class=\"wp-block-list\">\n<li>Atenci\u00f3n automatizada por WhatsApp: +56227533826<\/li>\n\n\n\n<li>Correo electr\u00f3nico de consultas: ayuda.chile@unhcr.org <\/li>\n<\/ul>\n\n\n\n<p><strong>Cl\u00ednica Jur\u00eddica para Migrantes de la Universidad Alberto Hurtado<\/strong><\/p>\n\n\n\n<ul class=\"wp-block-list\">\n<li>Servicio: Informaci\u00f3n y asistencia jur\u00eddica para familias con ni\u00f1os y ni\u00f1as inscritos como Hijos de Extranjeros Transe\u00fantes o que carecen de documentaci\u00f3n que pruebe su nacionalidad (en riesgo de apatridia).<\/li>\n\n\n\n<li>Correo: <a href=\"mailto:clinicajuridica@uahurtado.cl\">clinicajuridica@uahurtado.cl<\/a><\/li>\n\n\n\n<li>Tel\u00e9fono: +569 20667141<\/li>\n<\/ul>\n\n\n\n<h4 class=\"wp-block-heading\"><strong><mark class=\"has-inline-color has-vivid-red-color\"><strong>L\u00edneas de emergencia a nivel nacional<\/strong><\/mark><\/strong><\/h4>\n\n\n\n<p><\/p>\n\n\n\n<p>En caso de emergencias, puedes contactarte con:<\/p>\n\n\n\n<ul class=\"wp-block-list\">\n<li>Fono emergencias de Carabineros: 133<\/li>\n\n\n\n<li>Fono ni\u00f1os de Carabineros: 147<\/li>\n\n\n\n<li>Fono familia de Carabineros: 149<\/li>\n\n\n\n<li>Polic\u00eda de Investigaciones: 134<\/li>\n\n\n\n<li>Fono de Orientaci\u00f3n en Violencia Contra la Mujer: 1455<\/li>\n\n\n\n<li>Programa de Apoyo a V\u00edctimas de la Subsecretar\u00eda de Prevenci\u00f3n del Delito: 600 818 1000<\/li>\n\n\n\n<li>Fono Denuncia Segura (denuncia an\u00f3nima): 600 400 001<\/li>\n<\/ul>\n\n\n\n<h4 class=\"wp-block-heading\"><strong><mark class=\"has-inline-color has-vivid-red-color\"><strong>Denuncias de trata y tr\u00e1fico de personas<\/strong><\/mark><\/strong><\/h4>\n\n\n\n<p><\/p>\n\n\n\n<p>Si has vivido o eres testigo de una situaci\u00f3n de trata de personas o tr\u00e1fico il\u00edcito de personas migrantes, puedes denunciar a trav\u00e9s de estos tel\u00e9fonos:<\/p>\n\n\n\n<ul class=\"wp-block-list\">\n<li><strong>Brigada Investigadora contra la Trata de Personas de la Polic\u00eda de Investigaciones (BRITRAP-PDI): <\/strong>+562 2708 1043<\/li>\n\n\n\n<li><strong>OS-9 Carabineros de Chile<\/strong>: +562 92221070<\/li>\n<\/ul>\n\n\n\n<h4 class=\"wp-block-heading\"><strong><mark class=\"has-inline-color has-vivid-red-color\"><strong>Violencia basada en g\u00e9nero<\/strong><\/mark><\/strong><\/h4>\n\n\n\n<p><\/p>\n\n\n\n<p>Si has sido o eres v\u00edctima (o testigo) de una situaci\u00f3n de violencia de g\u00e9nero (f\u00edsica, psicol\u00f3gica, sexual o econ\u00f3mica), puedes pedir orientaci\u00f3n y ayuda en:<\/p>\n\n\n\n<ol class=\"wp-block-list\">\n<li>Fono Orientaci\u00f3n Violencia Contra la Mujer:&nbsp; llama al n\u00famero <strong>1455<\/strong>, las 24 horas, los 7 d\u00edas de la semana. Es un servicio gratuito y confidencial que brinda orientaci\u00f3n y contenci\u00f3n.<\/li>\n\n\n\n<li>Si necesitas comunicarte de manera silenciosa:<\/li>\n\n\n\n<li>Escribe al Chat 1455 que se encuentra en la p\u00e1gina web <a href=\"https:\/\/www.sernameg.gob.cl\/\">https:\/\/www.sernameg.gob.cl<\/a> las 24 horas, los 7 d\u00edas de la semana.<\/li>\n\n\n\n<li>Escribe al n\u00famero de WhatsApp +569 9700 7000, las 24 horas, los 7 d\u00edas de la semana.<\/li>\n<\/ol>\n\n\n\n<p>Si consultas a trav\u00e9s de ACNUR o cualquiera de nuestras agencias socias, podr\u00e1s ser derivada a la red de atenci\u00f3n de SERNAMEG.<\/p>\n\n\n\n<h4 class=\"wp-block-heading\"><strong><mark class=\"has-inline-color has-vivid-red-color\"><strong>Asistencia a personas LGBTIQA+<\/strong><\/mark><\/strong><\/h4>\n\n\n\n<p><\/p>\n\n\n\n<p>Si necesitas orientaci\u00f3n y apoyo en Chile puedes contactarte con:<\/p>\n\n\n\n<p><strong>Red Nacional de Municipalidades con Oficinas de Diversidad, Inclusi\u00f3n y No Discriminaci\u00f3n<\/strong><br>\u2022 P\u00e1gina web: https:\/\/www.reddiversa.cl<br>\u2022 Correo electr\u00f3nico: contacto@reddiversa.cl<br>\u2022 Tel\u00e9fono: +56 22 677 6897<br>\u2022 Instagram: @reddiversacl<\/p>\n\n\n\n<p><strong>Red de Refugiades y Migrantes LGTBIQ+ en Chile<\/strong><br>Tel\u00e9fono: +56 9 6695 0345<br>Instagram: @red_lgtbi<br>Correo electr\u00f3nico: redlgtbi@colectivamanifiesta.org<\/p>\n","protected":false},"excerpt":{"rendered":"<p>Atenci\u00f3n a personas refugiadas y en riesgo de apatridia ACNUR Cl\u00ednica Jur\u00eddica para Migrantes de la Universidad Alberto Hurtado L\u00edneas de emergencia a nivel nacional En caso de emergencias, puedes contactarte con: Denuncias de trata y tr\u00e1fico de personas Si has vivido o eres testigo de una situaci\u00f3n de trata de personas o tr\u00e1fico il\u00edcito [&hellip;]<\/p>\n","protected":false},"author":331,"featured_media":0,"parent":612,"menu_order":0,"comment_status":"closed","ping_status":"closed","template":"","meta":{"_acf_changed":false,"footnotes":""},"class_list":["post-664","page","type-page","status-publish","hentry"],"acf":[],"_links":{"self":[{"href":"https:\/\/help.unhcr.org\/chile\/wp-json\/wp\/v2\/pages\/664","targetHints":{"allow":["GET"]}}],"collection":[{"href":"https:\/\/help.unhcr.org\/chile\/wp-json\/wp\/v2\/pages"}],"about":[{"href":"https:\/\/help.unhcr.org\/chile\/wp-json\/wp\/v2\/types\/page"}],"author":[{"embeddable":true,"href":"https:\/\/help.unhcr.org\/chile\/wp-json\/wp\/v2\/users\/331"}],"replies":[{"embeddable":true,"href":"https:\/\/help.unhcr.org\/chile\/wp-json\/wp\/v2\/comments?post=664"}],"version-history":[{"count":8,"href":"https:\/\/help.unhcr.org\/chile\/wp-json\/wp\/v2\/pages\/664\/revisions"}],"predecessor-version":[{"id":909,"href":"https:\/\/help.unhcr.org\/chile\/wp-json\/wp\/v2\/pages\/664\/revisions\/909"}],"up":[{"embeddable":true,"href":"https:\/\/help.unhcr.org\/chile\/wp-json\/wp\/v2\/pages\/612"}],"wp:attachment":[{"href":"https:\/\/help.unhcr.org\/chile\/wp-json\/wp\/v2\/media?parent=664"}],"curies":[{"name":"wp","href":"https:\/\/api.w.org\/{rel}","templated":true}]}}