{"id":29,"date":"2018-09-14T12:59:11","date_gmt":"2018-09-14T12:59:11","guid":{"rendered":"http:\/\/help.unhcr.org\/chile\/?page_id=29"},"modified":"2025-03-13T14:32:47","modified_gmt":"2025-03-13T14:32:47","slug":"oficina-del-acnur","status":"publish","type":"page","link":"https:\/\/help.unhcr.org\/chile\/ayuda-y-orientacion\/donde-encontrar-ayuda\/oficina-del-acnur\/","title":{"rendered":"Iquique (Regi\u00f3n de Tarapac\u00e1)"},"content":{"rendered":"<p><strong><mark class=\"has-inline-color has-vivid-red-color\">Apoyo social<\/mark><\/strong><\/p>\n<p><strong>World Vision Internacional (WVI)<\/strong><\/p>\n<ul>\n<li>Servicio: Apoyo social.<\/li>\n<li>Formulario web: <a href=\"https:\/\/ee.humanitarianresponse.info\/x\/ehwePepP\">https:\/\/ee.humanitarianresponse.info\/x\/ehwePepP<\/a><\/li>\n<li>Tel\u00e9fono: +569 89475577 \/+56989475439<\/li>\n<li>Horario: Lunes a jueves de 9:00 a 18:00 horas. Viernes de 9:00 a 14:00 horas.<\/li>\n<\/ul>\n<p><strong>Servicio Jesuita a Migrantes (SJM)<\/strong><\/p>\n<ul>\n<li>Servicio: Apoyo social.<\/li>\n<li>Correo: <a href=\"mailto:tarapaca@sjmchile.org\">tarapaca@sjmchile.org<\/a><\/li>\n<li>Horario: Lunes a jueves desde las 9:00 a 16:00 horas. Y viernes de 9.00 a 13.00 horas.<\/li>\n<li>Direcci\u00f3n: Almirante Latorre #1350, Iquique.<\/li>\n<li>Para recibir atenci\u00f3n remota, se solicita descargar la aplicaci\u00f3n MigrApp a trav\u00e9s de la App Store\/Play Store o en <a href=\"https:\/\/migrapp.sjmchile.org\">https:\/\/migrapp.sjmchile.org<\/a><\/li>\n<\/ul>\n<p><strong><mark class=\"has-inline-color has-vivid-red-color\">Asistencia jur\u00eddica<\/mark><\/strong><\/p>\n<p><strong>Servicio Jesuita a Migrantes (SJM)<\/strong><\/p>\n<ul>\n<li>Servicio: Asistencia jur\u00eddica.<\/li>\n<li>Correo: <a href=\"mailto:tarapaca@sjmchile.org\">tarapaca@sjmchile.org<\/a><\/li>\n<li>Horario: Lunes a jueves desde las 9:00 a 16:00 horas. Y viernes de 9.00 a 12.00 horas.<\/li>\n<li>Direcci\u00f3n: Almirante Latorre #1350, Iquique.<\/li>\n<li>Para recibir atenci\u00f3n remota, se solicita descargar la aplicaci\u00f3n MigrApp a trav\u00e9s de la App Store\/Play Store o en <a href=\"https:\/\/migrapp.sjmchile.org\/\">https:\/\/migrapp.sjmchile.org<\/a><\/li>\n<\/ul>\n","protected":false},"excerpt":{"rendered":"<p>Apoyo social World Vision Internacional (WVI) Servicio: Apoyo social. Formulario web: https:\/\/ee.humanitarianresponse.info\/x\/ehwePepP Tel\u00e9fono: +569 89475577 \/+56989475439 Horario: Lunes a jueves de 9:00 a 18:00 horas. Viernes de 9:00 a 14:00 horas. Servicio Jesuita a Migrantes (SJM) Servicio: Apoyo social. Correo: tarapaca@sjmchile.org Horario: Lunes a jueves desde las 9:00 a 16:00 horas. Y viernes de 9.00 [&hellip;]<\/p>\n","protected":false},"author":1,"featured_media":0,"parent":24,"menu_order":1,"comment_status":"closed","ping_status":"closed","template":"","meta":{"_acf_changed":false,"footnotes":""},"class_list":["post-29","page","type-page","status-publish","hentry"],"acf":[],"_links":{"self":[{"href":"https:\/\/help.unhcr.org\/chile\/wp-json\/wp\/v2\/pages\/29","targetHints":{"allow":["GET"]}}],"collection":[{"href":"https:\/\/help.unhcr.org\/chile\/wp-json\/wp\/v2\/pages"}],"about":[{"href":"https:\/\/help.unhcr.org\/chile\/wp-json\/wp\/v2\/types\/page"}],"author":[{"embeddable":true,"href":"https:\/\/help.unhcr.org\/chile\/wp-json\/wp\/v2\/users\/1"}],"replies":[{"embeddable":true,"href":"https:\/\/help.unhcr.org\/chile\/wp-json\/wp\/v2\/comments?post=29"}],"version-history":[{"count":26,"href":"https:\/\/help.unhcr.org\/chile\/wp-json\/wp\/v2\/pages\/29\/revisions"}],"predecessor-version":[{"id":896,"href":"https:\/\/help.unhcr.org\/chile\/wp-json\/wp\/v2\/pages\/29\/revisions\/896"}],"up":[{"embeddable":true,"href":"https:\/\/help.unhcr.org\/chile\/wp-json\/wp\/v2\/pages\/24"}],"wp:attachment":[{"href":"https:\/\/help.unhcr.org\/chile\/wp-json\/wp\/v2\/media?parent=29"}],"curies":[{"name":"wp","href":"https:\/\/api.w.org\/{rel}","templated":true}]}}