{"id":1610,"date":"2021-08-27T12:44:47","date_gmt":"2021-08-27T12:44:47","guid":{"rendered":"https:\/\/help.unhcr.org\/canada\/family-reunification\/"},"modified":"2025-01-07T21:21:36","modified_gmt":"2025-01-07T21:21:36","slug":"family-reunification","status":"publish","type":"page","link":"https:\/\/help.unhcr.org\/canada\/tr\/family-reunification\/","title":{"rendered":"Aile Birle\u015fimi"},"content":{"rendered":"\n<p class=\"has-black-color has-white-background-color has-text-color has-background\">Aile birli\u011finin korunmas\u0131 \u00f6nemli bir insan hakk\u0131d\u0131r. U\u00e7u\u015f \u00f6ncesinde veya u\u00e7u\u015funuz s\u0131ras\u0131nda ailenizden ayr\u0131 d\u00fc\u015ft\u00fcyseniz, belirli ko\u015fullar alt\u0131nda <strong>Kanada<\/strong>&#8216;da size kat\u0131lmalar\u0131 i\u00e7in ba\u015fvuruda bulunabilirsiniz. Nihai olarak ailenizin size kat\u0131l\u0131p kat\u0131lamayaca\u011f\u0131, size verilen yasal stat\u00fcn\u00fcn t\u00fcr\u00fcne ve ili\u015fkinizin niteli\u011fine ba\u011fl\u0131d\u0131r.<\/p>\n","protected":false},"excerpt":{"rendered":"<p>Aile birli\u011finin korunmas\u0131 \u00f6nemli bir insan hakk\u0131d\u0131r. U\u00e7u\u015f \u00f6ncesinde veya u\u00e7u\u015funuz s\u0131ras\u0131nda ailenizden ayr\u0131 d\u00fc\u015ft\u00fcyseniz, belirli ko\u015fullar alt\u0131nda Kanada&#8216;da size kat\u0131lmalar\u0131 i\u00e7in ba\u015fvuruda bulunabilirsiniz. Nihai olarak ailenizin size kat\u0131l\u0131p kat\u0131lamayaca\u011f\u0131, size verilen yasal stat\u00fcn\u00fcn t\u00fcr\u00fcne ve ili\u015fkinizin niteli\u011fine ba\u011fl\u0131d\u0131r.<\/p>\n","protected":false},"author":24,"featured_media":0,"parent":0,"menu_order":4,"comment_status":"closed","ping_status":"closed","template":"page-templates\/sectioned.php","meta":{"_acf_changed":false,"footnotes":""},"class_list":["post-1610","page","type-page","status-publish","hentry"],"acf":[],"_links":{"self":[{"href":"https:\/\/help.unhcr.org\/canada\/tr\/wp-json\/wp\/v2\/pages\/1610","targetHints":{"allow":["GET"]}}],"collection":[{"href":"https:\/\/help.unhcr.org\/canada\/tr\/wp-json\/wp\/v2\/pages"}],"about":[{"href":"https:\/\/help.unhcr.org\/canada\/tr\/wp-json\/wp\/v2\/types\/page"}],"author":[{"embeddable":true,"href":"https:\/\/help.unhcr.org\/canada\/tr\/wp-json\/wp\/v2\/users\/24"}],"replies":[{"embeddable":true,"href":"https:\/\/help.unhcr.org\/canada\/tr\/wp-json\/wp\/v2\/comments?post=1610"}],"version-history":[{"count":5,"href":"https:\/\/help.unhcr.org\/canada\/tr\/wp-json\/wp\/v2\/pages\/1610\/revisions"}],"predecessor-version":[{"id":2106,"href":"https:\/\/help.unhcr.org\/canada\/tr\/wp-json\/wp\/v2\/pages\/1610\/revisions\/2106"}],"wp:attachment":[{"href":"https:\/\/help.unhcr.org\/canada\/tr\/wp-json\/wp\/v2\/media?parent=1610"}],"curies":[{"name":"wp","href":"https:\/\/api.w.org\/{rel}","templated":true}]}}

Aile Birleşimi

<p class="has-black-color has-white-background-color has-text-color has-background">Aile birliğinin korunması önemli bir insan hakkıdır. Uçuş öncesinde veya uçuşunuz sırasında ailenizden ayrı düştüyseniz, belirli koşullar altında <strong>Kanada</strong>&#8216;da size katılmaları için başvuruda bulunabilirsiniz. Nihai olarak ailenizin size katılıp katılamayacağı, size verilen yasal statünün türüne ve ilişkinizin niteliğine bağlıdır.</p>

<p>Aile birliğinin korunması önemli bir insan hakkıdır. Uçuş öncesinde veya uçuşunuz sırasında ailenizden ayrı düştüyseniz, belirli koşullar altında Kanada&#8216;da size katılmaları için başvuruda bulunabilirsiniz. Nihai olarak ailenizin size katılıp katılamayacağı, size verilen yasal statünün türüne ve ilişkinizin niteliğine bağlıdır.</p>
