{"id":545,"date":"2021-09-22T21:06:32","date_gmt":"2021-09-22T21:06:32","guid":{"rendered":"https:\/\/help.unhcr.org\/bolivia\/?page_id=545"},"modified":"2021-09-22T21:11:08","modified_gmt":"2021-09-22T21:11:08","slug":"prevencion-y-proteccion-contra-la-violencia-sexual-y-basada-en-genero","status":"publish","type":"page","link":"https:\/\/help.unhcr.org\/bolivia\/prevencion-y-proteccion-contra-la-violencia-sexual-y-basada-en-genero\/","title":{"rendered":"Prevenci\u00f3n y protecci\u00f3n contra la violencia sexual y basada en g\u00e9nero"},"content":{"rendered":"\n<p>Las situaciones de aislamiento social forzoso pueden derivar en un aumento de los casos de violencia por motivo de g\u00e9nero. Si tu o alguna persona de tu entorno est\u00e1 viviendo situaciones de violencia por motivos de g\u00e9nero, poderes recibir atenci\u00f3n, contenci\u00f3n y asesoramiento.<\/p>\n\n\n\n<p><strong>L\u00ednea de Atenci\u00f3n a Mujeres V\u00edctimas de Violencia<\/strong><br>En Bolivia existen posibilidades de asistencia y protecci\u00f3n a mujeres v\u00edctimas de violencia basada en g\u00e9nero. Si la cuarentena te encuentra aislada con tu agresor, puedes pedir ayuda:<\/p>\n\n\n\n<p><strong>Fuerza Especial de Lucha contra la Violencia \u2013 FELCV<\/strong><br>Es la divisi\u00f3n especializada de la Polic\u00eda Boliviana encargada de la prevenci\u00f3n, auxilio e investigaci\u00f3n, identificaci\u00f3n y aprehensi\u00f3n de los presuntos responsables de hechos de violencia hacia las mujeres, bajo la direcci\u00f3n funcional del Ministerio P\u00fablico. Son sus funciones:<\/p>\n\n\n\n<ul class=\"wp-block-list\"><li>Brindar auxilio y servicio las 24 horas del d\u00eda durante los 365 d\u00edas del a\u00f1o.<br><\/li><li>Recibir e investigar la denuncia.<br><\/li><li>Dar informaci\u00f3n y orientaci\u00f3n clara y sencilla.<br><\/li><li>Brindar un trato digno y respetuoso con calidad y calidez.<br><\/li><li>Evitar el contacto entre la v\u00edctima y la persona que ha realizado la agresi\u00f3n.<\/li><\/ul>\n\n\n\n<p> \u27a1 \u00bfC\u00f3mo te puedes contactar con la FELCV? Llama al&nbsp;<strong>800 14 0348<\/strong>&nbsp;(atenci\u00f3n 24 horas, los 365 d\u00edas del a\u00f1o)<\/p>\n\n\n\n<p>Tambi\u00e9n puedes escribir por&nbsp;<strong>WhatsApp&nbsp;<\/strong>a los siguientes n\u00fameros:<\/p>\n\n\n\n<p>\u27a1<strong>La Paz:<\/strong>&nbsp;61000523 \/ 67008570<br>\u27a1 <strong>El Alto:<\/strong>&nbsp;72042202<br>\u27a1 <strong>Cochabamba:<\/strong>&nbsp;60707069<br>\u27a1 <strong>Tarija:<\/strong>&nbsp;78241690<br>\u27a1 <strong>Santa Cruz:<\/strong>&nbsp;72042264<br>\u27a1 <strong>Potos\u00ed:<\/strong>&nbsp;72042570<\/p>\n\n\n\n<p><strong>ACNUR tiene TOLERANCIA CERO contra la explotaci\u00f3n y el abuso sexual perpetrado por parte de trabajadores\/as humanitarios\/as. Para m\u00e1s informaci\u00f3n, por ingresa <a href=\"https:\/\/help.unhcr.org\/bolivia\/proteccion-contra-la-explotacion-y-el-abuso-sexual\/\">aqu\u00ed<\/a>.<\/strong><\/p>\n\n\n\n<hr class=\"wp-block-separator\" \/>\n\n\n\n<p><\/p>\n","protected":false},"excerpt":{"rendered":"<p>Las situaciones de aislamiento social forzoso pueden derivar en un aumento de los casos de violencia por motivo de g\u00e9nero. Si tu o alguna persona de tu entorno est\u00e1 viviendo situaciones de violencia por motivos de g\u00e9nero, poderes recibir atenci\u00f3n, contenci\u00f3n y asesoramiento. L\u00ednea de Atenci\u00f3n a Mujeres V\u00edctimas de ViolenciaEn Bolivia existen posibilidades de [&hellip;]<\/p>\n","protected":false},"author":122,"featured_media":0,"parent":0,"menu_order":1,"comment_status":"closed","ping_status":"closed","template":"","meta":{"_acf_changed":false,"footnotes":""},"class_list":["post-545","page","type-page","status-publish","hentry"],"acf":[],"_links":{"self":[{"href":"https:\/\/help.unhcr.org\/bolivia\/wp-json\/wp\/v2\/pages\/545","targetHints":{"allow":["GET"]}}],"collection":[{"href":"https:\/\/help.unhcr.org\/bolivia\/wp-json\/wp\/v2\/pages"}],"about":[{"href":"https:\/\/help.unhcr.org\/bolivia\/wp-json\/wp\/v2\/types\/page"}],"author":[{"embeddable":true,"href":"https:\/\/help.unhcr.org\/bolivia\/wp-json\/wp\/v2\/users\/122"}],"replies":[{"embeddable":true,"href":"https:\/\/help.unhcr.org\/bolivia\/wp-json\/wp\/v2\/comments?post=545"}],"version-history":[{"count":2,"href":"https:\/\/help.unhcr.org\/bolivia\/wp-json\/wp\/v2\/pages\/545\/revisions"}],"predecessor-version":[{"id":548,"href":"https:\/\/help.unhcr.org\/bolivia\/wp-json\/wp\/v2\/pages\/545\/revisions\/548"}],"wp:attachment":[{"href":"https:\/\/help.unhcr.org\/bolivia\/wp-json\/wp\/v2\/media?parent=545"}],"curies":[{"name":"wp","href":"https:\/\/api.w.org\/{rel}","templated":true}]}}