{"id":1308,"date":"2026-05-01T14:01:29","date_gmt":"2026-05-01T14:01:29","guid":{"rendered":"https:\/\/help.unhcr.org\/bolivia\/?page_id=1308"},"modified":"2026-05-01T14:01:30","modified_gmt":"2026-05-01T14:01:30","slug":"educacion","status":"publish","type":"page","link":"https:\/\/help.unhcr.org\/bolivia\/acceso-a-derechos-en-bolivia\/educacion\/","title":{"rendered":"Educaci\u00f3n"},"content":{"rendered":"\n<p>En Bolivia, el derecho de las personas extranjeras de acceso a una ense\u00f1anza b\u00e1sica y superior est\u00e1 garantizado en La Ley de Migraci\u00f3n N 370. <\/p>\n\n\n\n<p class=\"has-text-align-center has-white-color has-text-color has-background has-link-color wp-elements-750f2b1cbb4ded918b1802954722a367\" style=\"background-color:#0072bc\">Las<strong>\u00a0personas que se encuentran de manera irregular<\/strong>\u00a0en Bolivia enfrentan serios desaf\u00edos para acceder a educaci\u00f3n. Puedes buscar orientaci\u00f3n en\u00a0<a href=\"https:\/\/help.unhcr.org\/bolivia\/dondeencontrarayuda\/\">organizaciones que acompa\u00f1an a personas migrantes y refugiadas.<\/a><\/p>\n\n\n\n<p><strong>Etapas educativas y edad m\u00ednima de ingreso <\/strong><\/p>\n\n\n\n<figure class=\"wp-block-table\"><table><tbody><tr><td><strong>Etapa <\/strong><strong><\/strong><\/td><td><strong>Edad m\u00ednima de ingreso <\/strong><strong><\/strong><\/td><\/tr><tr><td>Inicial<\/td><td>4 a\u00f1os (cumplidos hasta el 30 de junio) Educaci\u00f3n inicial en Familia Comunitaria Escolarizada<\/td><\/tr><tr><td>Primaria<\/td><td>&nbsp;6 a\u00f1os (cumplidos hasta el 30 de junio) Educaci\u00f3n Primaria Comunitaria Vocacional<\/td><\/tr><tr><td>Secundaria<\/td><td>12 a\u00f1os (cumplidos hasta el 3 de junio) Educaci\u00f3n Secundaria Comunitaria Productiva<\/td><\/tr><\/tbody><\/table><\/figure>\n\n\n\n<p><strong>Calendario escolar <\/strong><\/p>\n\n\n\n<ul class=\"wp-block-list\">\n<li>El ciclo escolar es de 200 d\u00edas h\u00e1biles.<\/li>\n\n\n\n<li>Inicio: las actividades escolares inicial el primer lunes h\u00e1bil de febrero.<\/li>\n\n\n\n<li>Cierre: la cuarta semana de noviembre.<\/li>\n<\/ul>\n\n\n\n<p><strong>Vacaciones <\/strong><\/p>\n\n\n\n<p>Existen dos periodos de descanso pedag\u00f3gico:<\/p>\n\n\n\n<ul class=\"wp-block-list\">\n<li>Primero dos semanas de julio (vacaci\u00f3n de invierno).<\/li>\n\n\n\n<li>Los meses de diciembre y enero (vacaci\u00f3n de fin de gesti\u00f3n escolar).<\/li>\n<\/ul>\n\n\n\n<p>Para m\u00e1s informaci\u00f3n visitar: <a href=\"https:\/\/www.minedu.gob.bo\/\">Ministerio Educaci\u00f3n Bolivia<\/a><\/p>\n","protected":false},"excerpt":{"rendered":"<p>En Bolivia, el derecho de las personas extranjeras de acceso a una ense\u00f1anza b\u00e1sica y superior est\u00e1 garantizado en La Ley de Migraci\u00f3n N 370. Las\u00a0personas que se encuentran de manera irregular\u00a0en Bolivia enfrentan serios desaf\u00edos para acceder a educaci\u00f3n. Puedes buscar orientaci\u00f3n en\u00a0organizaciones que acompa\u00f1an a personas migrantes y refugiadas. Etapas educativas y edad [&hellip;]<\/p>\n","protected":false},"author":472,"featured_media":0,"parent":826,"menu_order":0,"comment_status":"closed","ping_status":"closed","template":"page-templates\/sectioned.php","meta":{"_acf_changed":false,"footnotes":""},"class_list":["post-1308","page","type-page","status-publish","hentry"],"acf":[],"_links":{"self":[{"href":"https:\/\/help.unhcr.org\/bolivia\/wp-json\/wp\/v2\/pages\/1308","targetHints":{"allow":["GET"]}}],"collection":[{"href":"https:\/\/help.unhcr.org\/bolivia\/wp-json\/wp\/v2\/pages"}],"about":[{"href":"https:\/\/help.unhcr.org\/bolivia\/wp-json\/wp\/v2\/types\/page"}],"author":[{"embeddable":true,"href":"https:\/\/help.unhcr.org\/bolivia\/wp-json\/wp\/v2\/users\/472"}],"replies":[{"embeddable":true,"href":"https:\/\/help.unhcr.org\/bolivia\/wp-json\/wp\/v2\/comments?post=1308"}],"version-history":[{"count":1,"href":"https:\/\/help.unhcr.org\/bolivia\/wp-json\/wp\/v2\/pages\/1308\/revisions"}],"predecessor-version":[{"id":1312,"href":"https:\/\/help.unhcr.org\/bolivia\/wp-json\/wp\/v2\/pages\/1308\/revisions\/1312"}],"up":[{"embeddable":true,"href":"https:\/\/help.unhcr.org\/bolivia\/wp-json\/wp\/v2\/pages\/826"}],"wp:attachment":[{"href":"https:\/\/help.unhcr.org\/bolivia\/wp-json\/wp\/v2\/media?parent=1308"}],"curies":[{"name":"wp","href":"https:\/\/api.w.org\/{rel}","templated":true}]}}

Educación

<p>En Bolivia, el derecho de las personas extranjeras de acceso a una enseñanza básica y superior está garantizado en La Ley de Migración N 370. </p>



<p class="has-text-align-center has-white-color has-text-color has-background has-link-color wp-elements-750f2b1cbb4ded918b1802954722a367" style="background-color:#0072bc">Las<strong> personas que se encuentran de manera irregular</strong> en Bolivia enfrentan serios desafíos para acceder a educación. Puedes buscar orientación en <a href="https://help.unhcr.org/bolivia/dondeencontrarayuda/">organizaciones que acompañan a personas migrantes y refugiadas.</a></p>



<p><strong>Etapas educativas y edad mínima de ingreso </strong></p>



<figure class="wp-block-table"><table><tbody><tr><td><strong>Etapa </strong><strong></strong></td><td><strong>Edad mínima de ingreso </strong><strong></strong></td></tr><tr><td>Inicial</td><td>4 años (cumplidos hasta el 30 de junio) Educación inicial en Familia Comunitaria Escolarizada</td></tr><tr><td>Primaria</td><td>&nbsp;6 años (cumplidos hasta el 30 de junio) Educación Primaria Comunitaria Vocacional</td></tr><tr><td>Secundaria</td><td>12 años (cumplidos hasta el 3 de junio) Educación Secundaria Comunitaria Productiva</td></tr></tbody></table></figure>



<p><strong>Calendario escolar </strong></p>



<ul class="wp-block-list">
<li>El ciclo escolar es de 200 días hábiles.</li>



<li>Inicio: las actividades escolares inicial el primer lunes hábil de febrero.</li>



<li>Cierre: la cuarta semana de noviembre.</li>
</ul>



<p><strong>Vacaciones </strong></p>



<p>Existen dos periodos de descanso pedagógico:</p>



<ul class="wp-block-list">
<li>Primero dos semanas de julio (vacación de invierno).</li>



<li>Los meses de diciembre y enero (vacación de fin de gestión escolar).</li>
</ul>



<p>Para más información visitar: <a href="https://www.minedu.gob.bo/">Ministerio Educación Bolivia</a></p>

<p>En Bolivia, el derecho de las personas extranjeras de acceso a una enseñanza básica y superior está garantizado en La Ley de Migración N 370. Las personas que se encuentran de manera irregular en Bolivia enfrentan serios desafíos para acceder a educación. Puedes buscar orientación en organizaciones que acompañan a personas migrantes y refugiadas. Etapas educativas y edad [&hellip;]</p>
