{"id":1305,"date":"2026-05-01T13:55:08","date_gmt":"2026-05-01T13:55:08","guid":{"rendered":"https:\/\/help.unhcr.org\/bolivia\/?page_id=1305"},"modified":"2026-05-01T13:55:09","modified_gmt":"2026-05-01T13:55:09","slug":"salud","status":"publish","type":"page","link":"https:\/\/help.unhcr.org\/bolivia\/acceso-a-derechos-en-bolivia\/salud\/","title":{"rendered":"Salud"},"content":{"rendered":"\n<p>El sistema de salud en Bolivia cuenta con servicios p\u00fablicos y privados. Quienes no cuentan con un seguro de salud de corto plazo, est\u00e1n cubiertos por el <strong>Sistema \u00danico de Salud (SUS)<\/strong>. <\/p>\n\n\n\n<p class=\"has-text-align-center has-white-color has-text-color has-background has-link-color wp-elements-0181b25d736de30064be36a3a188d66c\" style=\"background-color:#0072bc\">Las<strong> personas que se encuentran de manera irregular<\/strong> en Bolivia enfrentan serios desaf\u00edos para acceder a atenci\u00f3n m\u00e9dica. Puedes buscar orientaci\u00f3n en <a href=\"https:\/\/help.unhcr.org\/bolivia\/dondeencontrarayuda\/\" data-type=\"page\" data-id=\"238\">organizaciones que acompa\u00f1an a personas migrantes y refugiadas.<\/a><\/p>\n\n\n\n<p>Los establecimientos en el sector p\u00fablico se dividen en tres niveles:<\/p>\n\n\n\n<ul class=\"wp-block-list\">\n<li><strong>Primer nivel:<\/strong> son los centros de salud ubicados en los barrios, donde se brinda atenci\u00f3n b\u00e1sica y las m\u00e1s frecuentes.<\/li>\n\n\n\n<li><strong>Segundo nivel:<\/strong> son los hospitales que brindan atenci\u00f3n en cuatro especialidades: ginecolog\u00eda, pediatr\u00eda, medicina interna y cirug\u00eda. Adem\u00e1s, se ocupa de fisioterapia y rehabilitaci\u00f3n.<\/li>\n\n\n\n<li><strong>Tercer nivel:<\/strong> son los hospitales de alta resoluci\u00f3n que cuentan con todas las especialidades m\u00e9dicas y priorizan la atenci\u00f3n de enfermedades complejas como el c\u00e1ncer. Tambi\u00e9n posee servicios en psicolog\u00eda, tomograf\u00eda y banco de leche, entre otros.<\/li>\n<\/ul>\n\n\n\n<p><strong>Algunos consejos e informaci\u00f3n de inter\u00e9s<\/strong><\/p>\n\n\n\n<ul class=\"wp-block-list\">\n<li>Compra tus medicamentos siempre en  farmacias habilitadas, evita puestos callejeros u otro tipo de establecimientos informales.<\/li>\n\n\n\n<li>Las regiones del pa\u00eds que se encuentran por debajo de los 1.700 m.s.n.m, (Pando, Beni, Santa Cruz, Tarija, Chuquisaca y Cochabamba, as\u00ed como en \u00e1reas tropicales y subtropicales de La Paz) son zonas donde hay presencia de enfermedades como Dengue, Chikungunya, Zika y Malaria.  Por eso es obligatoria la vacuna de la fiebre amarilla para ir. <\/li>\n\n\n\n<li>Otras vacunas recomendadas son las de tifus, antirr\u00e1bica, influenza tipo A y B<\/li>\n<\/ul>\n\n\n\n<p>Para m\u00e1s informaci\u00f3n, puedes visitar la p\u00e1gina del Ministerio de Salud:\u00a0<a href=\"https:\/\/www.minsalud.gob.bo\/\">Ministerio de Salud y Deportes \u2013 Estado Plurinacional de Bolivia<\/a><\/p>\n\n\n\n<p><\/p>\n","protected":false},"excerpt":{"rendered":"<p>El sistema de salud en Bolivia cuenta con servicios p\u00fablicos y privados. Quienes no cuentan con un seguro de salud de corto plazo, est\u00e1n cubiertos por el Sistema \u00danico de Salud (SUS). Las personas que se encuentran de manera irregular en Bolivia enfrentan serios desaf\u00edos para acceder a atenci\u00f3n m\u00e9dica. Puedes buscar orientaci\u00f3n en organizaciones [&hellip;]<\/p>\n","protected":false},"author":472,"featured_media":0,"parent":826,"menu_order":0,"comment_status":"closed","ping_status":"closed","template":"page-templates\/sectioned.php","meta":{"_acf_changed":false,"footnotes":""},"class_list":["post-1305","page","type-page","status-publish","hentry"],"acf":[],"_links":{"self":[{"href":"https:\/\/help.unhcr.org\/bolivia\/wp-json\/wp\/v2\/pages\/1305","targetHints":{"allow":["GET"]}}],"collection":[{"href":"https:\/\/help.unhcr.org\/bolivia\/wp-json\/wp\/v2\/pages"}],"about":[{"href":"https:\/\/help.unhcr.org\/bolivia\/wp-json\/wp\/v2\/types\/page"}],"author":[{"embeddable":true,"href":"https:\/\/help.unhcr.org\/bolivia\/wp-json\/wp\/v2\/users\/472"}],"replies":[{"embeddable":true,"href":"https:\/\/help.unhcr.org\/bolivia\/wp-json\/wp\/v2\/comments?post=1305"}],"version-history":[{"count":1,"href":"https:\/\/help.unhcr.org\/bolivia\/wp-json\/wp\/v2\/pages\/1305\/revisions"}],"predecessor-version":[{"id":1306,"href":"https:\/\/help.unhcr.org\/bolivia\/wp-json\/wp\/v2\/pages\/1305\/revisions\/1306"}],"up":[{"embeddable":true,"href":"https:\/\/help.unhcr.org\/bolivia\/wp-json\/wp\/v2\/pages\/826"}],"wp:attachment":[{"href":"https:\/\/help.unhcr.org\/bolivia\/wp-json\/wp\/v2\/media?parent=1305"}],"curies":[{"name":"wp","href":"https:\/\/api.w.org\/{rel}","templated":true}]}}