{"id":414,"date":"2020-11-03T09:37:17","date_gmt":"2020-11-03T09:37:17","guid":{"rendered":"http:\/\/help.unhcr.org\/belgium\/where-to-seek-help\/employment\/"},"modified":"2024-02-16T14:03:02","modified_gmt":"2024-02-16T14:03:02","slug":"employment","status":"publish","type":"page","link":"https:\/\/help.unhcr.org\/belgium\/where-to-seek-help\/employment\/","title":{"rendered":"Emploi"},"content":{"rendered":"\n<p>Pendant votre demande de protection internationale (asile), vous aurez le droit de commencer \u00e0 travailler apr\u00e8s <strong>4 mois<\/strong> \u00e0 compter de la date de d\u00e9but de votre demande. Ce droit au travail prendra fin si et quand votre demande est rejet\u00e9e (apr\u00e8s la proc\u00e9dure d&rsquo;appel devant le CALL).<\/p>\n\n\n\n<p>Si vous obtenez un statut de protection, vous aurez le m\u00eame droit illimit\u00e9 de travailler en Belgique que les citoyens belges.<\/p>\n\n\n\n<p>Chaque gouvernement r\u00e9gional poss\u00e8de sa propre agence pour l&#8217;emploi qui peut vous aider \u00e0 chercher un emploi, un stage ou une formation, \u00e0 suivre des cours de langue pour la recherche d&rsquo;un emploi et \u00e0 vous pr\u00e9parer \u00e0 un entretien d&#8217;embauche. Le <a href=\"https:\/\/www.vdab.be\/inschrijving\">VDAB<\/a> est l&rsquo;agence pour l&#8217;emploi de la Flandre, le <a href=\"https:\/\/www.leforem.be\/\">Forem<\/a> est l&rsquo;agence pour l&#8217;emploi de la Wallonie et <a href=\"https:\/\/www.actiris.brussels\/fr\/citoyens\/\">Actiris<\/a> est l&rsquo;agence pour l&#8217;emploi de Bruxelles. Si vous avez obtenu un dipl\u00f4me\/une qualification dans un autre pays avant votre arriv\u00e9e en Belgique, vous pouvez demander la reconnaissance de ce document en Belgique pour augmenter vos chances de r\u00e9ussite sur le march\u00e9 du travail. La reconnaissance est effectu\u00e9e par diff\u00e9rentes entit\u00e9s selon que vous r\u00e9sidez en Communaut\u00e9 fran\u00e7aise, flamande ou germanophone. Plus d\u2019information <a href=\"https:\/\/www.belgium.be\/en\/education\/equivalence_of_diplomas\">ici<\/a><\/p>\n","protected":false},"excerpt":{"rendered":"<p>Pendant votre demande de protection internationale (asile), vous aurez le droit de commencer \u00e0 travailler apr\u00e8s 4 mois \u00e0 compter de la date de d\u00e9but de votre demande. Ce droit au travail prendra fin si et quand votre demande est rejet\u00e9e (apr\u00e8s la proc\u00e9dure d&rsquo;appel devant le CALL). Si vous obtenez un statut de protection, [&hellip;]<\/p>\n","protected":false},"author":1,"featured_media":0,"parent":308,"menu_order":10,"comment_status":"closed","ping_status":"closed","template":"","meta":{"_acf_changed":false,"footnotes":""},"class_list":["post-414","page","type-page","status-publish","hentry"],"acf":[],"_links":{"self":[{"href":"https:\/\/help.unhcr.org\/belgium\/wp-json\/wp\/v2\/pages\/414","targetHints":{"allow":["GET"]}}],"collection":[{"href":"https:\/\/help.unhcr.org\/belgium\/wp-json\/wp\/v2\/pages"}],"about":[{"href":"https:\/\/help.unhcr.org\/belgium\/wp-json\/wp\/v2\/types\/page"}],"author":[{"embeddable":true,"href":"https:\/\/help.unhcr.org\/belgium\/wp-json\/wp\/v2\/users\/1"}],"replies":[{"embeddable":true,"href":"https:\/\/help.unhcr.org\/belgium\/wp-json\/wp\/v2\/comments?post=414"}],"version-history":[{"count":3,"href":"https:\/\/help.unhcr.org\/belgium\/wp-json\/wp\/v2\/pages\/414\/revisions"}],"predecessor-version":[{"id":1597,"href":"https:\/\/help.unhcr.org\/belgium\/wp-json\/wp\/v2\/pages\/414\/revisions\/1597"}],"up":[{"embeddable":true,"href":"https:\/\/help.unhcr.org\/belgium\/wp-json\/wp\/v2\/pages\/308"}],"wp:attachment":[{"href":"https:\/\/help.unhcr.org\/belgium\/wp-json\/wp\/v2\/media?parent=414"}],"curies":[{"name":"wp","href":"https:\/\/api.w.org\/{rel}","templated":true}]}}