{"id":314,"date":"2020-11-03T08:14:24","date_gmt":"2020-11-03T08:14:24","guid":{"rendered":"http:\/\/help.unhcr.org\/belgium\/where-to-seek-help\/general-services-and-helpdesks\/"},"modified":"2026-04-20T13:11:25","modified_gmt":"2026-04-20T13:11:25","slug":"general-services-and-helpdesks","status":"publish","type":"page","link":"https:\/\/help.unhcr.org\/belgium\/where-to-seek-help\/general-services-and-helpdesks\/","title":{"rendered":"Services g\u00e9n\u00e9raux et helpdesks"},"content":{"rendered":"\n<p>Les organisations ci-dessous fournissent une assistance dans diff\u00e9rents domaines et disposent g\u00e9n\u00e9ralement d&rsquo;un centre d&rsquo;assistance (helpdesk). Attention&nbsp;: cette liste n&rsquo;est pas exhaustive. <em>Cliquez sur le nom de l&rsquo;organisation pour obtenir plus d&rsquo;informations.<\/em><\/p>\n","protected":false},"excerpt":{"rendered":"<p>Les organisations ci-dessous fournissent une assistance dans diff\u00e9rents domaines et disposent g\u00e9n\u00e9ralement d&rsquo;un centre d&rsquo;assistance (helpdesk). Attention&nbsp;: cette liste n&rsquo;est pas exhaustive. Cliquez sur le nom de l&rsquo;organisation pour obtenir plus d&rsquo;informations.<\/p>\n","protected":false},"author":1,"featured_media":0,"parent":308,"menu_order":0,"comment_status":"closed","ping_status":"closed","template":"page-templates\/sectioned.php","meta":{"_acf_changed":false,"footnotes":""},"class_list":["post-314","page","type-page","status-publish","hentry"],"acf":[],"_links":{"self":[{"href":"https:\/\/help.unhcr.org\/belgium\/wp-json\/wp\/v2\/pages\/314","targetHints":{"allow":["GET"]}}],"collection":[{"href":"https:\/\/help.unhcr.org\/belgium\/wp-json\/wp\/v2\/pages"}],"about":[{"href":"https:\/\/help.unhcr.org\/belgium\/wp-json\/wp\/v2\/types\/page"}],"author":[{"embeddable":true,"href":"https:\/\/help.unhcr.org\/belgium\/wp-json\/wp\/v2\/users\/1"}],"replies":[{"embeddable":true,"href":"https:\/\/help.unhcr.org\/belgium\/wp-json\/wp\/v2\/comments?post=314"}],"version-history":[{"count":15,"href":"https:\/\/help.unhcr.org\/belgium\/wp-json\/wp\/v2\/pages\/314\/revisions"}],"predecessor-version":[{"id":1707,"href":"https:\/\/help.unhcr.org\/belgium\/wp-json\/wp\/v2\/pages\/314\/revisions\/1707"}],"up":[{"embeddable":true,"href":"https:\/\/help.unhcr.org\/belgium\/wp-json\/wp\/v2\/pages\/308"}],"wp:attachment":[{"href":"https:\/\/help.unhcr.org\/belgium\/wp-json\/wp\/v2\/media?parent=314"}],"curies":[{"name":"wp","href":"https:\/\/api.w.org\/{rel}","templated":true}]}}