{"id":308,"date":"2020-11-03T08:13:38","date_gmt":"2020-11-03T08:13:38","guid":{"rendered":"http:\/\/help.unhcr.org\/belgium\/where-to-seek-help\/"},"modified":"2024-03-21T15:05:13","modified_gmt":"2024-03-21T15:05:13","slug":"where-to-seek-help","status":"publish","type":"page","link":"https:\/\/help.unhcr.org\/belgium\/where-to-seek-help\/","title":{"rendered":"O\u00f9 chercher de l&rsquo;aide"},"content":{"rendered":"\n<p>En Belgique, il existe de nombreuses organisations qui assistent et aident les demandeurs d&rsquo;asile (demandeurs de protection internationale), les r\u00e9fugi\u00e9s et les migrants en g\u00e9n\u00e9ral. Sur la base des cat\u00e9gories ci-dessous, vous pourrez trouver l&rsquo;organisation la mieux plac\u00e9e pour vous aider. Veuillez garder \u00e0 l&rsquo;esprit que certaines organisations sont actives au niveau national, tandis que d&rsquo;autres n&rsquo;op\u00e8rent qu&rsquo;au niveau r\u00e9gional ou local. Veuillez \u00e9galement noter que la liste des organisations mentionn\u00e9es n&rsquo;est <b>pas exhaustive<\/b>.<\/p>\n\n\n\n<p>Veuillez noter que vous pouvez \u00e9galement trouver de nombreuses informations sur les cat\u00e9gories ci-dessous :<\/p>\n\n\n\n<ul class=\"wp-block-list\">\n<li>Le site web de <a href=\"https:\/\/www.fedasilinfo.be\/fr\">Fedasil<\/a>, en 12 langues : fran\u00e7ais, anglais, arabe, farsi, pachto, russe, espagnol, albanais, n\u00e9erlandais, turc, somali et tigrinya. 8 de ces langues comprennent \u00e9galement une version audio.<\/li>\n\n\n\n<li>Le site web de <a href=\"https:\/\/www.asyluminbelgium.be\/fr\">Asyluminbelgium<\/a>.be en 7 langues : anglais, fran\u00e7ais, n\u00e9erlandais, arabe, farsi, pachto, somali.<\/li>\n<\/ul>\n","protected":false},"excerpt":{"rendered":"<p>En Belgique, il existe de nombreuses organisations qui assistent et aident les demandeurs d&rsquo;asile (demandeurs de protection internationale), les r\u00e9fugi\u00e9s et les migrants en g\u00e9n\u00e9ral. Sur la base des cat\u00e9gories ci-dessous, vous pourrez trouver l&rsquo;organisation la mieux plac\u00e9e pour vous aider. Veuillez garder \u00e0 l&rsquo;esprit que certaines organisations sont actives au niveau national, tandis que [&hellip;]<\/p>\n","protected":false},"author":1,"featured_media":0,"parent":0,"menu_order":30,"comment_status":"closed","ping_status":"closed","template":"page-templates\/listing_page.php","meta":{"_acf_changed":false,"footnotes":""},"class_list":["post-308","page","type-page","status-publish","hentry"],"acf":[],"_links":{"self":[{"href":"https:\/\/help.unhcr.org\/belgium\/wp-json\/wp\/v2\/pages\/308","targetHints":{"allow":["GET"]}}],"collection":[{"href":"https:\/\/help.unhcr.org\/belgium\/wp-json\/wp\/v2\/pages"}],"about":[{"href":"https:\/\/help.unhcr.org\/belgium\/wp-json\/wp\/v2\/types\/page"}],"author":[{"embeddable":true,"href":"https:\/\/help.unhcr.org\/belgium\/wp-json\/wp\/v2\/users\/1"}],"replies":[{"embeddable":true,"href":"https:\/\/help.unhcr.org\/belgium\/wp-json\/wp\/v2\/comments?post=308"}],"version-history":[{"count":6,"href":"https:\/\/help.unhcr.org\/belgium\/wp-json\/wp\/v2\/pages\/308\/revisions"}],"predecessor-version":[{"id":1648,"href":"https:\/\/help.unhcr.org\/belgium\/wp-json\/wp\/v2\/pages\/308\/revisions\/1648"}],"wp:attachment":[{"href":"https:\/\/help.unhcr.org\/belgium\/wp-json\/wp\/v2\/media?parent=308"}],"curies":[{"name":"wp","href":"https:\/\/api.w.org\/{rel}","templated":true}]}}