{"id":289,"date":"2020-11-03T07:57:43","date_gmt":"2020-11-03T07:57:43","guid":{"rendered":"http:\/\/help.unhcr.org\/belgium\/welcome\/"},"modified":"2025-06-12T13:20:20","modified_gmt":"2025-06-12T13:20:20","slug":"welcome","status":"publish","type":"page","link":"https:\/\/help.unhcr.org\/belgium\/","title":{"rendered":"Bienvenue"},"content":{"rendered":"\n<p><strong>Le HCR, l&rsquo;Agence des Nations unies pour les r\u00e9fugi\u00e9s<\/strong>, a cr\u00e9\u00e9 ce site web pour les personnes relevant de son mandat <strong>(r\u00e9fugi\u00e9s, demandeurs d&rsquo;asile et apatrides)<\/strong> en Belgique, les membres de leur famille et les personnes qui les assistent. Vous trouverez sur ce site des informations et des liens utiles, notamment des r\u00e9ponses aux questions suivantes :<\/p>\n\n\n\n<ul class=\"wp-block-list\">\n<li><a href=\"https:\/\/help.unhcr.org\/belgium\/asylum-in-belgium\/\">Comment demander l\u2019<strong>asile<\/strong> en Belgique&nbsp;?<\/a><\/li>\n\n\n\n<li><a href=\"https:\/\/help.unhcr.org\/belgium\/asylum-in-belgium\/\">Que se passe-t-il pendant la <strong>proc\u00e9dure d&rsquo;asile <\/strong>&nbsp;?<\/a><\/li>\n\n\n\n<li><a href=\"https:\/\/help.unhcr.org\/belgium\/asylum-in-belgium\/\">Puis-je demander l&rsquo;asile aupr\u00e8s du HCR&nbsp;?<\/a><\/li>\n\n\n\n<li><a href=\"https:\/\/help.unhcr.org\/belgium\/where-to-seek-help\/\">O\u00f9 puis-je trouver de l&rsquo;aide en Belgique&nbsp;?<\/a><\/li>\n\n\n\n<li><a href=\"https:\/\/help.unhcr.org\/belgium\/where-to-seek-help\/financial-assistance\/\">O\u00f9 puis-je obtenir une <strong>aide sociale et\/ou financi\u00e8re<\/strong>&nbsp;?<\/a><\/li>\n\n\n\n<li><a href=\"https:\/\/help.unhcr.org\/belgium\/where-to-seek-help\/reception-accommodation\/\">O\u00f9 puis-je obtenir de l&rsquo;aide pour le <strong>logement<\/strong>&nbsp;?<\/a><\/li>\n\n\n\n<li><a href=\"https:\/\/help.unhcr.org\/belgium\/where-to-seek-help\/legal-aid\/\">Qui peut m&rsquo;assister l\u00e9galement dans mes proc\u00e9dures devant les autorit\u00e9s et les cours de justice (de protection internationale)&nbsp;?&nbsp;<\/a><\/li>\n\n\n\n<li><a href=\"https:\/\/help.unhcr.org\/belgium\/where-to-seek-help\/tracing-family-members\/\">Qui peut m&rsquo;aider \u00e0 retrouver des membres de ma famille perdus&nbsp;?<\/a><\/li>\n\n\n\n<li><a href=\"https:\/\/help.unhcr.org\/belgium\/rights-and-obligations\/\">Quels sont les droits et les obligations des demandeurs d&rsquo;asile et des r\u00e9fugi\u00e9s&nbsp;?<\/a><\/li>\n\n\n\n<li><a href=\"https:\/\/help.unhcr.org\/belgium\/rights-and-obligations\/\">Je suis un r\u00e9fugi\u00e9 reconnu, o\u00f9 puis-je obtenir des documents (civils ou de voyage)&nbsp;?&nbsp;<\/a><\/li>\n\n\n\n<li><a href=\"https:\/\/help.unhcr.org\/belgium\/family-reunification\/\">Comment puis-je retrouver les membres de ma famille en Belgique&nbsp;?<\/a><\/li>\n\n\n\n<li><a href=\"https:\/\/help.unhcr.org\/belgium\/family-reunification\/\">Qui peut m&rsquo;aider dans ma demande de regroupement familial&nbsp;? Puis-je obtenir une aide financi\u00e8re pour cette proc\u00e9dure&nbsp;?<\/a><\/li>\n\n\n\n<li><a href=\"https:\/\/help.unhcr.org\/belgium\/resettlement\/\">Puis-je \u00eatre r\u00e9install\u00e9 en Belgique&nbsp;? Puis-je \u00eatre r\u00e9install\u00e9 de Belgique vers un autre pays&nbsp;?<\/a><\/li>\n\n\n\n<li><a href=\"https:\/\/help.unhcr.org\/belgium\/about-unhcr-in-belgium\/\">Quel est le r\u00f4le du HCR en Belgique&nbsp;?<\/a><\/li>\n\n\n\n<li><a href=\"https:\/\/help.unhcr.org\/belgium\/about-unhcr-in-belgium\/\">Comment puis-je contacter le HCR Belgique&nbsp;?<\/a><\/li>\n\n\n\n<li><a href=\"https:\/\/help.unhcr.org\/belgium\/reporting-misconduct-related-to-unhcr\/\">Qui dois-je contacter pour signaler une faute grave li\u00e9e au HCR&nbsp;?<\/a><\/li>\n<\/ul>\n\n\n\n<p>Vous trouverez \u00e9galement des informations sur les th\u00e9matiques d&rsquo;actualit\u00e9 suivantes:<\/p>\n\n\n\n<ul class=\"wp-block-list\">\n<li><a href=\"https:\/\/help.unhcr.org\/belgium\/covid-19\/\">COVID-19<\/a><\/li>\n\n\n\n<li><a href=\"https:\/\/help.unhcr.org\/belgium\/situation-en-afghanistan\/?__cf_chl_jschl_tk__=pmd_bhY.kN9uHibCr18nsmF5Hq3PtsgAUBG3s4oNbESj6Rw-1629802284-0-gqNtZGzNAiWjcnBszQiR\">Situation Afghanistan<\/a><\/li>\n\n\n\n<li><a href=\"https:\/\/help.unhcr.org\/belgium\/situation-in-ukraine\/\" data-type=\"URL\" data-id=\"https:\/\/help.unhcr.org\/belgium\/situation-in-ukraine\/\">Situation Ukraine<\/a><\/li>\n<\/ul>\n\n\n\n<p>Veuillez noter que les informations pr\u00e9sent\u00e9es sur cette page ne concernent que les personnes qui se trouvent actuellement en Belgique. Si vous cherchez des informations ou de l&rsquo;aide pour des parents ou des amis qui ne sont pas en Belgique, veuillez consulter la page d&rsquo;aide du pays concern\u00e9 sur la <a href=\"https:\/\/help.unhcr.org\/\">page d&rsquo;accueil de l&rsquo;aide du HCR<\/a>.<\/p>\n\n\n\n<p>Cette page, y compris ses diff\u00e9rentes sections, sera continuellement mise \u00e0 jour.<\/p>\n\n\n\n<p>Derni\u00e8re mise \u00e0 jour : mars 2024.<\/p>\n","protected":false},"excerpt":{"rendered":"<p>Le HCR, l&rsquo;Agence des Nations unies pour les r\u00e9fugi\u00e9s, a cr\u00e9\u00e9 ce site web pour les personnes relevant de son mandat (r\u00e9fugi\u00e9s, demandeurs d&rsquo;asile et apatrides) en Belgique, les membres de leur famille et les personnes qui les assistent. Vous trouverez sur ce site des informations et des liens utiles, notamment des r\u00e9ponses aux questions [&hellip;]<\/p>\n","protected":false},"author":1,"featured_media":0,"parent":0,"menu_order":0,"comment_status":"closed","ping_status":"closed","template":"","meta":{"_acf_changed":false,"footnotes":""},"class_list":["post-289","page","type-page","status-publish","hentry"],"acf":[],"_links":{"self":[{"href":"https:\/\/help.unhcr.org\/belgium\/wp-json\/wp\/v2\/pages\/289","targetHints":{"allow":["GET"]}}],"collection":[{"href":"https:\/\/help.unhcr.org\/belgium\/wp-json\/wp\/v2\/pages"}],"about":[{"href":"https:\/\/help.unhcr.org\/belgium\/wp-json\/wp\/v2\/types\/page"}],"author":[{"embeddable":true,"href":"https:\/\/help.unhcr.org\/belgium\/wp-json\/wp\/v2\/users\/1"}],"replies":[{"embeddable":true,"href":"https:\/\/help.unhcr.org\/belgium\/wp-json\/wp\/v2\/comments?post=289"}],"version-history":[{"count":28,"href":"https:\/\/help.unhcr.org\/belgium\/wp-json\/wp\/v2\/pages\/289\/revisions"}],"predecessor-version":[{"id":1687,"href":"https:\/\/help.unhcr.org\/belgium\/wp-json\/wp\/v2\/pages\/289\/revisions\/1687"}],"wp:attachment":[{"href":"https:\/\/help.unhcr.org\/belgium\/wp-json\/wp\/v2\/media?parent=289"}],"curies":[{"name":"wp","href":"https:\/\/api.w.org\/{rel}","templated":true}]}}