{"id":807,"date":"2020-04-23T09:14:58","date_gmt":"2020-04-23T09:14:58","guid":{"rendered":"http:\/\/help.unhcr.org\/austria\/covid-19-coronavirus-information-2\/asylum-procedure\/"},"modified":"2021-11-16T10:12:04","modified_gmt":"2021-11-16T10:12:04","slug":"asylum-procedure","status":"publish","type":"page","link":"https:\/\/help.unhcr.org\/austria\/de\/covid-19-information-2\/asylum-procedure\/","title":{"rendered":"Asylverfahren"},"content":{"rendered":"\n<p><strong>Beratungsstellen und Beh\u00f6rden im Asylverfahren <\/strong>sind ge\u00f6ffnet, bitte informieren Sie sich unten \u00fcber (ge\u00e4nderte) \u00d6ffnungszeiten und Sicherheitsvorkehrungen. Vergessen Sie bitte nicht auf die <strong>Sicherheitsvorkehrungen <\/strong>(v.a. Mund-Nasen-Schutz \u2013 \u201eMaske\u201c und Sicherheitsabstand). Wenn Sie sich krank f\u00fchlen, bleiben Sie bitte zuhause und rufen <strong>1450<\/strong> an.<\/p>\n\n\n\n<p><strong>Bundesamt f\u00fcr Fremdenwesen und Asyl (BFA)<br><\/strong><a rel=\"noreferrer noopener\" href=\"https:\/\/bfa.gv.at\/presse\/news\/detail.aspx?nwid=6F50693631656F433556773D&amp;ctrl=794E752F6259564A344A437375564B796375373831364F486E38592F6A766152\" data-type=\"URL\" data-id=\"https:\/\/bfa.gv.at\/presse\/news\/detail.aspx?nwid=6F50693631656F433556773D&amp;ctrl=794E752F6259564A344A437375564B796375373831364F486E38592F6A766152\" target=\"_blank\">N<\/a><a href=\"https:\/\/www.bfa.gv.at\/news.aspx?id=6F50693631656F433556773D\" target=\"_blank\" rel=\"noreferrer noopener\">eue \u00d6ffnungszeiten und wichtige Informationen <\/a><br>Wichtig: Bitte beachten Sie die <strong>Sicherheitsvorkehrungen <\/strong>\u00a0(v.a. Mund-Nasen-Schutz \u2013 \u201eMaske\u201c und Sicherheitsabstand): <a href=\"https:\/\/www.bfa.gv.at\/401\/files\/COVID\/Informationsblatt_Parteien_2._COVID-19-OeV_bei_Ladungen_deutsch_Stand_01072021.pdf\" target=\"_blank\" rel=\"noreferrer noopener\">Informationen zu Sicherheitsvorkehrungen<\/a> beim BFA in verschiedenen Sprachen <br>Bitte machen Sie sich telefonisch\u00a0einen Termin aus, bevor Sie zum BFA gehen: <a href=\"https:\/\/bfa.gv.at\/103\/start.aspx\" target=\"_blank\" rel=\"noreferrer noopener\">Kontaktdetails <\/a><\/p>\n\n\n\n<p><strong>Bundesverwaltungsgericht (BVwG)<\/strong><br>Bitte beachten Sie die <strong>Sicherheitsvorkehrungen<\/strong> (v.a. Mund-Nasen-Schutz &#8211; \u201eMaske\u201c und Sicherheitsabstand): <a href=\"https:\/\/www.bvwg.gv.at\/\" target=\"_blank\" rel=\"noreferrer noopener\">mehr Informationen auf Deutsch <\/a><br>Bitte informieren Sie sich auch\u00a0auf der <a rel=\"noreferrer noopener\" aria-label=\"BVwG-Website (opens in a new tab)\" href=\"https:\/\/www.bvwg.gv.at\/\" target=\"_blank\"><strong>BVwG-Website<\/strong><\/a><\/p>\n\n\n\n<p><strong>Verwaltungsgerichtshof (VwGH)<\/strong><br>Bitte informieren Sie sich auf der <strong><a rel=\"noreferrer noopener\" aria-label=\"VwGH-Website (opens in a new tab)\" href=\"https:\/\/www.vwgh.gv.at\/kontakt\/index.html\" target=\"_blank\">VwGH-Website<\/a> <\/strong><\/p>\n\n\n\n<p><strong>Verfassungsgerichtshof (VfGH)<\/strong><br>Bitte informieren Sie sich auf der <strong><a rel=\"noreferrer noopener\" aria-label=\"VfGH-Website (opens in a new tab)\" href=\"https:\/\/www.vfgh.gv.at\/VfGH_Covid-19.de.html\" target=\"_blank\">VfGH-Website<\/a> <\/strong><\/p>\n\n\n\n<hr class=\"wp-block-separator\" \/>\n\n\n\n<p><strong>Beratungsstellen\/NGOs:<\/strong><br>Bitte wenden Sie sich telefonisch an Beratungsorganisationen, wenn Sie einen Termin m\u00f6chten. Vergessen Sie bitte auch nicht auf die Einhaltung von Sicherheitsvorkehrungen (v.a. Mindestabstand und Mundschutz), wenn Sie einen Termin haben.<\/p>\n","protected":false},"excerpt":{"rendered":"<p>Beratungsstellen und Beh\u00f6rden im Asylverfahren sind ge\u00f6ffnet, bitte informieren Sie sich unten \u00fcber (ge\u00e4nderte) \u00d6ffnungszeiten und Sicherheitsvorkehrungen. Vergessen Sie bitte nicht auf die Sicherheitsvorkehrungen (v.a. Mund-Nasen-Schutz \u2013 \u201eMaske\u201c und Sicherheitsabstand). Wenn Sie sich krank f\u00fchlen, bleiben Sie bitte zuhause und rufen 1450 an. Bundesamt f\u00fcr Fremdenwesen und Asyl (BFA)Neue \u00d6ffnungszeiten und wichtige Informationen Wichtig: Bitte [&hellip;]<\/p>\n","protected":false},"author":93,"featured_media":0,"parent":801,"menu_order":2,"comment_status":"closed","ping_status":"closed","template":"","meta":{"_acf_changed":false,"footnotes":""},"class_list":["post-807","page","type-page","status-publish","hentry"],"acf":[],"_links":{"self":[{"href":"https:\/\/help.unhcr.org\/austria\/de\/wp-json\/wp\/v2\/pages\/807","targetHints":{"allow":["GET"]}}],"collection":[{"href":"https:\/\/help.unhcr.org\/austria\/de\/wp-json\/wp\/v2\/pages"}],"about":[{"href":"https:\/\/help.unhcr.org\/austria\/de\/wp-json\/wp\/v2\/types\/page"}],"author":[{"embeddable":true,"href":"https:\/\/help.unhcr.org\/austria\/de\/wp-json\/wp\/v2\/users\/93"}],"replies":[{"embeddable":true,"href":"https:\/\/help.unhcr.org\/austria\/de\/wp-json\/wp\/v2\/comments?post=807"}],"version-history":[{"count":23,"href":"https:\/\/help.unhcr.org\/austria\/de\/wp-json\/wp\/v2\/pages\/807\/revisions"}],"predecessor-version":[{"id":1423,"href":"https:\/\/help.unhcr.org\/austria\/de\/wp-json\/wp\/v2\/pages\/807\/revisions\/1423"}],"up":[{"embeddable":true,"href":"https:\/\/help.unhcr.org\/austria\/de\/wp-json\/wp\/v2\/pages\/801"}],"wp:attachment":[{"href":"https:\/\/help.unhcr.org\/austria\/de\/wp-json\/wp\/v2\/media?parent=807"}],"curies":[{"name":"wp","href":"https:\/\/api.w.org\/{rel}","templated":true}]}}

<p><strong>Beratungsstellen und Behörden im Asylverfahren </strong>sind geöffnet, bitte informieren Sie sich unten über (geänderte) Öffnungszeiten und Sicherheitsvorkehrungen. Vergessen Sie bitte nicht auf die <strong>Sicherheitsvorkehrungen </strong>(v.a. Mund-Nasen-Schutz – „Maske“ und Sicherheitsabstand). Wenn Sie sich krank fühlen, bleiben Sie bitte zuhause und rufen <strong>1450</strong> an.</p>



<p><strong>Bundesamt für Fremdenwesen und Asyl (BFA)<br></strong><a rel="noreferrer noopener" href="https://bfa.gv.at/presse/news/detail.aspx?nwid=6F50693631656F433556773D&amp;ctrl=794E752F6259564A344A437375564B796375373831364F486E38592F6A766152" data-type="URL" data-id="https://bfa.gv.at/presse/news/detail.aspx?nwid=6F50693631656F433556773D&amp;ctrl=794E752F6259564A344A437375564B796375373831364F486E38592F6A766152" target="_blank">N</a><a href="https://www.bfa.gv.at/news.aspx?id=6F50693631656F433556773D" target="_blank" rel="noreferrer noopener">eue Öffnungszeiten und wichtige Informationen </a><br>Wichtig: Bitte beachten Sie die <strong>Sicherheitsvorkehrungen </strong> (v.a. Mund-Nasen-Schutz – „Maske“ und Sicherheitsabstand): <a href="https://www.bfa.gv.at/401/files/COVID/Informationsblatt_Parteien_2._COVID-19-OeV_bei_Ladungen_deutsch_Stand_01072021.pdf" target="_blank" rel="noreferrer noopener">Informationen zu Sicherheitsvorkehrungen</a> beim BFA in verschiedenen Sprachen <br>Bitte machen Sie sich telefonisch einen Termin aus, bevor Sie zum BFA gehen: <a href="https://bfa.gv.at/103/start.aspx" target="_blank" rel="noreferrer noopener">Kontaktdetails </a></p>



<p><strong>Bundesverwaltungsgericht (BVwG)</strong><br>Bitte beachten Sie die <strong>Sicherheitsvorkehrungen</strong> (v.a. Mund-Nasen-Schutz &#8211; „Maske“ und Sicherheitsabstand): <a href="https://www.bvwg.gv.at/" target="_blank" rel="noreferrer noopener">mehr Informationen auf Deutsch </a><br>Bitte informieren Sie sich auch auf der <a rel="noreferrer noopener" aria-label="BVwG-Website (opens in a new tab)" href="https://www.bvwg.gv.at/" target="_blank"><strong>BVwG-Website</strong></a></p>



<p><strong>Verwaltungsgerichtshof (VwGH)</strong><br>Bitte informieren Sie sich auf der <strong><a rel="noreferrer noopener" aria-label="VwGH-Website (opens in a new tab)" href="https://www.vwgh.gv.at/kontakt/index.html" target="_blank">VwGH-Website</a> </strong></p>



<p><strong>Verfassungsgerichtshof (VfGH)</strong><br>Bitte informieren Sie sich auf der <strong><a rel="noreferrer noopener" aria-label="VfGH-Website (opens in a new tab)" href="https://www.vfgh.gv.at/VfGH_Covid-19.de.html" target="_blank">VfGH-Website</a> </strong></p>



<hr class="wp-block-separator" />



<p><strong>Beratungsstellen/NGOs:</strong><br>Bitte wenden Sie sich telefonisch an Beratungsorganisationen, wenn Sie einen Termin möchten. Vergessen Sie bitte auch nicht auf die Einhaltung von Sicherheitsvorkehrungen (v.a. Mindestabstand und Mundschutz), wenn Sie einen Termin haben.</p>

<p>Beratungsstellen und Behörden im Asylverfahren sind geöffnet, bitte informieren Sie sich unten über (geänderte) Öffnungszeiten und Sicherheitsvorkehrungen. Vergessen Sie bitte nicht auf die Sicherheitsvorkehrungen (v.a. Mund-Nasen-Schutz – „Maske“ und Sicherheitsabstand). Wenn Sie sich krank fühlen, bleiben Sie bitte zuhause und rufen 1450 an. Bundesamt für Fremdenwesen und Asyl (BFA)Neue Öffnungszeiten und wichtige Informationen Wichtig: Bitte [&hellip;]</p>
