{"id":923,"date":"2024-10-04T13:04:20","date_gmt":"2024-10-04T13:04:20","guid":{"rendered":"https:\/\/help.unhcr.org\/aruba\/?page_id=923"},"modified":"2025-12-15T14:24:02","modified_gmt":"2025-12-15T14:24:02","slug":"about-the-unhcr","status":"publish","type":"page","link":"https:\/\/help.unhcr.org\/aruba\/about-the-unhcr\/","title":{"rendered":"Sobre el ACNUR"},"content":{"rendered":"\n<p><strong>La Agencia de la ONU para los Refugiados (ACNUR) protege a las personas que se ven obligadas a huir debido a conflictos y persecuciones, trabajando con gobiernos y socios en m\u00e1s de 130 pa\u00edses para brindar apoyo vital y salvaguardar sus derechos.<\/strong><\/p>\n\n\n\n<p>La Oficina Multipa\u00eds (MCO) de ACNUR en Panam\u00e1 brinda apoyo a personas refugiadas y solicitantes de asilo en 22 Estados y territorios del Caribe, entre ellos Aruba. Colaborando estrechamente con gobiernos, agencias de la ONU, organizaciones no gubernamentales, sociedad civil y comunidades de acogida para garantizar protecci\u00f3n y asistencia a quienes se han visto forzados a huir.<\/p>\n\n\n\n<p>Este modelo de trabajo permite ofrecer respuestas r\u00e1pidas y coordinadas, promover la inclusi\u00f3n social y fortalecer las capacidades locales en cada territorio. As\u00ed, ACNUR contribuye a que las personas desplazadas encuentren seguridad, reconstruyan sus vidas y accedan a soluciones sostenibles que les permitan integrarse plenamente en las comunidades que las reciben.<\/p>\n","protected":false},"excerpt":{"rendered":"<p>La Agencia de la ONU para los Refugiados (ACNUR) protege a las personas que se ven obligadas a huir debido a conflictos y persecuciones, trabajando con gobiernos y socios en m\u00e1s de 130 pa\u00edses para brindar apoyo vital y salvaguardar sus derechos. La Oficina Multipa\u00eds (MCO) de ACNUR en Panam\u00e1 brinda apoyo a personas refugiadas [&hellip;]<\/p>\n","protected":false},"author":500,"featured_media":0,"parent":0,"menu_order":0,"comment_status":"closed","ping_status":"closed","template":"","meta":{"_acf_changed":false,"footnotes":""},"class_list":["post-923","page","type-page","status-publish","hentry"],"acf":[],"_links":{"self":[{"href":"https:\/\/help.unhcr.org\/aruba\/wp-json\/wp\/v2\/pages\/923","targetHints":{"allow":["GET"]}}],"collection":[{"href":"https:\/\/help.unhcr.org\/aruba\/wp-json\/wp\/v2\/pages"}],"about":[{"href":"https:\/\/help.unhcr.org\/aruba\/wp-json\/wp\/v2\/types\/page"}],"author":[{"embeddable":true,"href":"https:\/\/help.unhcr.org\/aruba\/wp-json\/wp\/v2\/users\/500"}],"replies":[{"embeddable":true,"href":"https:\/\/help.unhcr.org\/aruba\/wp-json\/wp\/v2\/comments?post=923"}],"version-history":[{"count":11,"href":"https:\/\/help.unhcr.org\/aruba\/wp-json\/wp\/v2\/pages\/923\/revisions"}],"predecessor-version":[{"id":1547,"href":"https:\/\/help.unhcr.org\/aruba\/wp-json\/wp\/v2\/pages\/923\/revisions\/1547"}],"wp:attachment":[{"href":"https:\/\/help.unhcr.org\/aruba\/wp-json\/wp\/v2\/media?parent=923"}],"curies":[{"name":"wp","href":"https:\/\/api.w.org\/{rel}","templated":true}]}}