{"id":998,"date":"2024-08-07T20:00:51","date_gmt":"2024-08-07T20:00:51","guid":{"rendered":"https:\/\/help.unhcr.org\/argentina\/?page_id=998"},"modified":"2024-08-07T20:02:16","modified_gmt":"2024-08-07T20:02:16","slug":"repatriacion-voluntaria-y-retornos","status":"publish","type":"page","link":"https:\/\/help.unhcr.org\/argentina\/repatriacion-voluntaria-y-retornos\/","title":{"rendered":"Repatriaci\u00f3n voluntaria y retornos"},"content":{"rendered":"\n<p>El retorno a tu pa\u00eds debe ser&nbsp;<strong>voluntario&nbsp;<\/strong>y<strong>&nbsp;libre de toda condicionante<\/strong>, econ\u00f3mica, f\u00edsica o psicol\u00f3gica.<\/p>\n\n\n\n<p>Por ello, si est\u00e1s pensando en regresar, es importante que cuentes con informaci\u00f3n clara y objetiva sobre las condiciones actuales en tu destino y posibles restricciones en la ruta<\/p>\n\n\n\n<p><strong>Antes de tomar una decisi\u00f3n, considera lo siguiente:<\/strong><\/p>\n\n\n\n<ul class=\"wp-block-list\">\n<li>La salida del pa\u00eds de acogida y el tiempo que permanezcas fuera pueden tener implicancias en tu permiso de residencia y\/o en tu solicitud de reconocimiento de la condici\u00f3n de refugiado, o en tu estatuto como persona refugiada.<\/li>\n\n\n\n<li>Algunos de los riesgos de protecci\u00f3n que se han identificados durante el tr\u00e1nsito incluyen: robos y estafas por redes de trata y tr\u00e1fico, presencia de grupos armados, situaciones de violencia sexual, explotaci\u00f3n y violencia laboral, entra otros.<\/li>\n<\/ul>\n\n\n\n<p>Para m\u00e1s informaci\u00f3n sobre los requisitos en los pa\u00edses de Suram\u00e9rica, puedes visitar <a href=\"https:\/\/www.suramericaabierta.info\/\"><strong>https:\/\/www.suramericaabierta.info\/<\/strong><\/a><strong><\/strong><\/p>\n\n\n\n<p><strong>Si decides emprender viaje, considera lo siguiente:<\/strong><\/p>\n\n\n\n<ul class=\"wp-block-list\">\n<li>Escoge siempre las rutas recomendadas o aquellas por donde viaje m\u00e1s gente, seguramente sean las m\u00e1s seguras y confiables. Evita los caminos desconocidos o solitarios.<\/li>\n\n\n\n<li>Planifica tu recorrido asegur\u00e1ndote de conocer los n\u00fameros de emergencia y contar con informaci\u00f3n de organismos de apoyo en los lugares de tr\u00e1nsito y destino.<\/li>\n\n\n\n<li>Mantente en contacto con familiares o amigos a lo largo del trayecto.<\/li>\n\n\n\n<li>Lleva contigo copias de toda tu documentaci\u00f3n y no la entregues a nadie a menos que sea solicitada por un agente migratorio o personal de las fuerzas de seguridad debidamente identificado\/a.<\/li>\n<\/ul>\n\n\n\n<p><strong><mark><strong>Si fuiste reconocido\/a como persona refugiada en Argentina, recuerda que:<\/strong><\/mark><\/strong><\/p>\n\n\n\n<p><strong>Regresar a tu pa\u00eds de origen, o acogerte nuevamente a la protecci\u00f3n del mismo implicar\u00e1 que cese tu condici\u00f3n de refugiado.<\/strong> Por ello, es importante que en caso de que quieras hacerlo, verifiques que tu vida, seguridad o libertad no seguir\u00e1n corriendo peligro.<\/p>\n\n\n\n<p>Si tu solicitud se encuentra a\u00fan en tr\u00e1mite (no has sido reconocido como refugiado todav\u00eda), recuerda que en caso de salir del territorio nacional&nbsp;debes informarlo previamente a la Secretar\u00eda Ejecutiva de la CONARE, explicando las razones por las que viajas, el lugar de destino y el plazo previsto para el regreso ya que esos elementos ser\u00e1n tenidos en cuenta a la hora de analizar su solicitud.<\/p>\n\n\n\n<p>Al ser tr\u00e1mites independientes, si has optado por regularizar tu condici\u00f3n migratoria a trav\u00e9s de alg\u00fan tipo de residencia, la misma no se ver\u00e1 afectada.<\/p>\n","protected":false},"excerpt":{"rendered":"<p>El retorno a tu pa\u00eds debe ser&nbsp;voluntario&nbsp;y&nbsp;libre de toda condicionante, econ\u00f3mica, f\u00edsica o psicol\u00f3gica. Por ello, si est\u00e1s pensando en regresar, es importante que cuentes con informaci\u00f3n clara y objetiva sobre las condiciones actuales en tu destino y posibles restricciones en la ruta Antes de tomar una decisi\u00f3n, considera lo siguiente: Para m\u00e1s informaci\u00f3n sobre [&hellip;]<\/p>\n","protected":false},"author":331,"featured_media":0,"parent":0,"menu_order":9,"comment_status":"closed","ping_status":"closed","template":"","meta":{"_acf_changed":false,"footnotes":""},"class_list":["post-998","page","type-page","status-publish","hentry"],"acf":[],"_links":{"self":[{"href":"https:\/\/help.unhcr.org\/argentina\/wp-json\/wp\/v2\/pages\/998","targetHints":{"allow":["GET"]}}],"collection":[{"href":"https:\/\/help.unhcr.org\/argentina\/wp-json\/wp\/v2\/pages"}],"about":[{"href":"https:\/\/help.unhcr.org\/argentina\/wp-json\/wp\/v2\/types\/page"}],"author":[{"embeddable":true,"href":"https:\/\/help.unhcr.org\/argentina\/wp-json\/wp\/v2\/users\/331"}],"replies":[{"embeddable":true,"href":"https:\/\/help.unhcr.org\/argentina\/wp-json\/wp\/v2\/comments?post=998"}],"version-history":[{"count":3,"href":"https:\/\/help.unhcr.org\/argentina\/wp-json\/wp\/v2\/pages\/998\/revisions"}],"predecessor-version":[{"id":1002,"href":"https:\/\/help.unhcr.org\/argentina\/wp-json\/wp\/v2\/pages\/998\/revisions\/1002"}],"wp:attachment":[{"href":"https:\/\/help.unhcr.org\/argentina\/wp-json\/wp\/v2\/media?parent=998"}],"curies":[{"name":"wp","href":"https:\/\/api.w.org\/{rel}","templated":true}]}}