{"id":974,"date":"2024-08-07T19:14:13","date_gmt":"2024-08-07T19:14:13","guid":{"rendered":"https:\/\/help.unhcr.org\/argentina\/?page_id=974"},"modified":"2026-03-13T14:29:06","modified_gmt":"2026-03-13T14:29:06","slug":"proteccion-internacional-en-argentina","status":"publish","type":"page","link":"https:\/\/help.unhcr.org\/argentina\/proteccion-internacional-en-argentina\/","title":{"rendered":"C\u00f3mo solicitar la condici\u00f3n de persona refugiada"},"content":{"rendered":"\n<p>Argentina considera personas refugiadas a quienes se han visto obligados\/as a abandonar su pa\u00eds de origen o de residencia habitual:<\/p>\n\n\n<div class=\"wp-block-image wp-duotone-rgb0114188-rgb0114188-1\">\n<figure class=\"alignleft size-full is-resized\"><img loading=\"lazy\" decoding=\"async\" width=\"288\" height=\"282\" src=\"https:\/\/help.unhcr.org\/argentina\/wp-content\/uploads\/sites\/17\/2024\/12\/image.png\" alt=\"This image has an empty alt attribute; its file name is Refugee-1.png\" class=\"wp-image-1362\" style=\"width:168px;height:auto\" \/><\/figure><\/div>\n\n\n<ul class=\"wp-block-list\">\n<li>Por <strong>temor a ser perseguidas<\/strong> por su opini\u00f3n pol\u00edtica, religi\u00f3n, nacionalidad, pertenencia a determinado grupo \u00e9tnico o grupo social, <\/li>\n\n\n\n<li>o bien porque su<strong> vida, seguridad o libertad se vieron amenazadas<\/strong> por la violencia generalizada, la agresi\u00f3n extranjera, los conflictos internos, la violaci\u00f3n masiva de los derechos humanos u otras circunstancias que hayan perturbado gravemente el orden p\u00fablico.<\/li>\n<\/ul>\n\n\n\n<p>Cuando esto sucede, toda persona tiene derecho a solicitar la protecci\u00f3n del pa\u00eds al que arriba como resultado del desplazamiento.<\/p>\n\n\n\n<p><strong>En Argentina, el reconocimiento y protecci\u00f3n de las personas refugiadas se encuentran contemplados en la&nbsp;<\/strong><a href=\"https:\/\/www.acnur.org\/fileadmin\/Documentos\/BDL\/2006\/4658.pdf\"><strong>Ley General N\u00b0 26.165<\/strong><\/a> <strong>y su <\/strong><a href=\"https:\/\/www.argentina.gob.ar\/normativa\/nacional\/decreto-646-2025-417374\/texto\"><strong>Decreto Reglamentario 646\/2025<\/strong><\/a>.<\/p>\n\n\n\n<div class=\"wp-block-buttons is-content-justification-center is-layout-flex wp-container-core-buttons-is-layout-16018d1d wp-block-buttons-is-layout-flex\">\n<div class=\"wp-block-button\"><a class=\"wp-block-button__link has-black-color has-text-color has-background has-link-color wp-element-button\" href=\"https:\/\/help.unhcr.org\/argentina\/proteccion-internacional-en-argentina\/derechos-y-obligaciones\/\" style=\"background-color:#faeb00\">\u00bfCu\u00e1les son sus derechos y obligaciones?<\/a><\/div>\n\n\n\n<div class=\"wp-block-button\"><a class=\"wp-block-button__link has-black-color has-text-color has-background has-link-color has-text-align-center wp-element-button\" href=\"https:\/\/help.unhcr.org\/argentina\/proteccion-internacional-en-argentina\/como-solicitar-la-condicion-de-refugiado\/\" style=\"background-color:#faeb00\">Proceso de solicitud en Argentina<\/a><\/div>\n<\/div>\n\n\n\n<p><\/p>\n\n\n\n<figure class=\"wp-block-table is-style-stripes\"><table class=\"has-black-color has-text-color has-background has-link-color has-fixed-layout\" style=\"background-color:#0072bc\"><thead><tr><th class=\"has-text-align-center\" data-align=\"center\">Solicitud de refugio y regularizaci\u00f3n migratoria<\/th><\/tr><\/thead><tbody><tr><td class=\"has-text-align-center\" data-align=\"center\">La solicitud del estatuto de persona refugiada es un pedido de protecci\u00f3n internacional y no una forma de regularizar tu situaci\u00f3n migratoria. Esto quiere decir que puedes iniciar tu solicitud aun si ya tienes una residencia migratoria, o al rev\u00e9s, iniciar un tr\u00e1mite de residencia migratoria aunque tengas un proceso de solicitud activo ante la Co.Na.Re. No se trata de tr\u00e1mites excluyentes. Puedes encontrar m\u00e1s informaci\u00f3n sobre los tipos de residencias y los requisitos en el <a href=\"https:\/\/www.argentina.gob.ar\/interior\/migraciones\/residencias\">sitio web oficial de la Direcci\u00f3n Nacional de Migraciones.<\/a><\/td><\/tr><\/tbody><\/table><\/figure>\n\n\n\n<p><\/p>\n\n\n\n<p><\/p>\n","protected":false},"excerpt":{"rendered":"<p>Argentina considera personas refugiadas a quienes se han visto obligados\/as a abandonar su pa\u00eds de origen o de residencia habitual: Cuando esto sucede, toda persona tiene derecho a solicitar la protecci\u00f3n del pa\u00eds al que arriba como resultado del desplazamiento. En Argentina, el reconocimiento y protecci\u00f3n de las personas refugiadas se encuentran contemplados en la&nbsp;Ley [&hellip;]<\/p>\n","protected":false},"author":331,"featured_media":0,"parent":0,"menu_order":1,"comment_status":"closed","ping_status":"closed","template":"","meta":{"_acf_changed":false,"footnotes":""},"class_list":["post-974","page","type-page","status-publish","hentry"],"acf":[],"_links":{"self":[{"href":"https:\/\/help.unhcr.org\/argentina\/wp-json\/wp\/v2\/pages\/974","targetHints":{"allow":["GET"]}}],"collection":[{"href":"https:\/\/help.unhcr.org\/argentina\/wp-json\/wp\/v2\/pages"}],"about":[{"href":"https:\/\/help.unhcr.org\/argentina\/wp-json\/wp\/v2\/types\/page"}],"author":[{"embeddable":true,"href":"https:\/\/help.unhcr.org\/argentina\/wp-json\/wp\/v2\/users\/331"}],"replies":[{"embeddable":true,"href":"https:\/\/help.unhcr.org\/argentina\/wp-json\/wp\/v2\/comments?post=974"}],"version-history":[{"count":30,"href":"https:\/\/help.unhcr.org\/argentina\/wp-json\/wp\/v2\/pages\/974\/revisions"}],"predecessor-version":[{"id":1698,"href":"https:\/\/help.unhcr.org\/argentina\/wp-json\/wp\/v2\/pages\/974\/revisions\/1698"}],"wp:attachment":[{"href":"https:\/\/help.unhcr.org\/argentina\/wp-json\/wp\/v2\/media?parent=974"}],"curies":[{"name":"wp","href":"https:\/\/api.w.org\/{rel}","templated":true}]}}