{"id":468,"date":"2020-04-16T17:37:58","date_gmt":"2020-04-16T17:37:58","guid":{"rendered":"http:\/\/help.unhcr.org\/argentina\/?page_id=468"},"modified":"2025-06-17T15:00:24","modified_gmt":"2025-06-17T15:00:24","slug":"inclusion-laboral","status":"publish","type":"page","link":"https:\/\/help.unhcr.org\/argentina\/inclusion-laboral\/","title":{"rendered":"Empleo e ingresos"},"content":{"rendered":"\n<p>En esta secci\u00f3n, podr\u00e1s encontrar informaci\u00f3n \u00fatil para tomar decisiones sobre la generaci\u00f3n de ingresos.<\/p>\n\n\n\n<h2 class=\"wp-block-heading\">Trabajar en Argentina<\/h2>\n\n\n\n<h3 class=\"wp-block-heading\"><\/h3>\n\n\n\n<p><\/p>\n\n\n\n<p><strong><mark>Monotributo<\/mark><\/strong><br><br>Si\u00a0vendes\u00a0productos,\u00a0prestas\u00a0servicios o\u00a0integras\u00a0una cooperativa de trabajo,\u00a0es decir, si desarrollas actividades lucrativas independientes, puedes gestionar el\u00a0monotributo para formalizar tu proyecto o emprendimiento.\u00a0El\u00a0monotributo\u00a0es el r\u00e9gimen para\u00a0peque\u00f1os contribuyentes que cuenta con distintas escalas seg\u00fan el nivel de facturaci\u00f3n. La agencia de recaudaci\u00f3n y control aduanero (ARCA), ex AFIP, es el organismo a cargo de implementar la regulaci\u00f3n tributaria.\u00a0Con el\u00a0monotributo\u00a0pod\u00e9s\u00a0ingresar al sistema jubilatorio y\u00a0tener una obra social para vos y tu familia.\u00a0<\/p>\n\n\n\n<p>Si&nbsp;ten\u00e9s&nbsp;residencia&nbsp;precaria, debes concurrir personalmente a una sucursal de la AFIP para dar de alta el&nbsp;monotributo.&nbsp;Si&nbsp;ten\u00e9s&nbsp;DNI,&nbsp;pod\u00e9s hacerlo por internet.&nbsp;&nbsp;<\/p>\n\n\n\n<p>A trav\u00e9s del siguiente <a href=\"https:\/\/serviciosweb.afip.gob.ar\/genericos\/buscadordependencias\/dependencias.aspx\">buscador<\/a> puedes localizar la sucursal m\u00e1s cercana a tu domicilio. Importante: para solicitar el\u00a0monotributo\u00a0necesitas\u00a0la\u00a0Clave\u00a0\u00danica\u00a0de Identificaci\u00f3n Tributaria\u00a0<a href=\"https:\/\/seti.afip.gob.ar\/padron-puc-alta-cuit-online-internet\/gov.afip.padron.puc.altacuit.online.gwt.AltaCuitOnline\/Pasos.jsp\" target=\"_blank\" rel=\"noreferrer noopener\">(CUIT)\u00a0y clave fiscal.<\/a><\/p>\n\n\n\n<p><strong>Para m\u00e1s informaci\u00f3n:<\/strong><br><a href=\"https:\/\/monotributo.afip.gob.ar\/Public\/landing-monotributo.aspx\" target=\"_blank\" rel=\"noreferrer noopener\">https:\/\/monotributo.afip.gob.ar\/Public\/landing-monotributo.aspx<\/a><br><br><strong><mark>Monotributo social<\/mark><\/strong><\/p>\n\n\n\n<p>El&nbsp;Monotributo&nbsp;Social es un r\u00e9gimen tributario optativo que facilita y promueve la incorporaci\u00f3n a la econom\u00eda formal de emprendedores en situaci\u00f3n de vulnerabilidad socioecon\u00f3mica.&nbsp;Permite acceder a una obra social para vos y tu familia e ingresar al sistema jubilatorio con aportes m\u00e1s accesibles. La&nbsp;inscripci\u00f3n es&nbsp;gratuita,&nbsp;<strong>pero&nbsp;debes&nbsp;tener el DNI<\/strong>.&nbsp;<\/p>\n\n\n\n<p><strong>Accede&nbsp;a la informaci\u00f3n completa&nbsp;aqu\u00ed: <\/strong><a href=\"https:\/\/www.argentina.gob.ar\/adherir-al-monotributo-social\">Monotributo Social<\/a> <\/p>\n\n\n\n<p><\/p>\n","protected":false},"excerpt":{"rendered":"<p>En esta secci\u00f3n, podr\u00e1s encontrar informaci\u00f3n \u00fatil para tomar decisiones sobre la generaci\u00f3n de ingresos. Trabajar en Argentina Monotributo Si\u00a0vendes\u00a0productos,\u00a0prestas\u00a0servicios o\u00a0integras\u00a0una cooperativa de trabajo,\u00a0es decir, si desarrollas actividades lucrativas independientes, puedes gestionar el\u00a0monotributo para formalizar tu proyecto o emprendimiento.\u00a0El\u00a0monotributo\u00a0es el r\u00e9gimen para\u00a0peque\u00f1os contribuyentes que cuenta con distintas escalas seg\u00fan el nivel de facturaci\u00f3n. La agencia [&hellip;]<\/p>\n","protected":false},"author":122,"featured_media":0,"parent":0,"menu_order":6,"comment_status":"closed","ping_status":"closed","template":"page-templates\/sectioned.php","meta":{"_acf_changed":false,"footnotes":""},"class_list":["post-468","page","type-page","status-publish","hentry"],"acf":[],"_links":{"self":[{"href":"https:\/\/help.unhcr.org\/argentina\/wp-json\/wp\/v2\/pages\/468","targetHints":{"allow":["GET"]}}],"collection":[{"href":"https:\/\/help.unhcr.org\/argentina\/wp-json\/wp\/v2\/pages"}],"about":[{"href":"https:\/\/help.unhcr.org\/argentina\/wp-json\/wp\/v2\/types\/page"}],"author":[{"embeddable":true,"href":"https:\/\/help.unhcr.org\/argentina\/wp-json\/wp\/v2\/users\/122"}],"replies":[{"embeddable":true,"href":"https:\/\/help.unhcr.org\/argentina\/wp-json\/wp\/v2\/comments?post=468"}],"version-history":[{"count":14,"href":"https:\/\/help.unhcr.org\/argentina\/wp-json\/wp\/v2\/pages\/468\/revisions"}],"predecessor-version":[{"id":1556,"href":"https:\/\/help.unhcr.org\/argentina\/wp-json\/wp\/v2\/pages\/468\/revisions\/1556"}],"wp:attachment":[{"href":"https:\/\/help.unhcr.org\/argentina\/wp-json\/wp\/v2\/media?parent=468"}],"curies":[{"name":"wp","href":"https:\/\/api.w.org\/{rel}","templated":true}]}}