{"id":155,"date":"2020-02-21T19:14:41","date_gmt":"2020-02-21T19:14:41","guid":{"rendered":"http:\/\/help.unhcr.org\/argentina\/?page_id=155"},"modified":"2020-02-21T19:16:57","modified_gmt":"2020-02-21T19:16:57","slug":"solicitar-la-condicion-de-refugiado","status":"publish","type":"page","link":"https:\/\/help.unhcr.org\/argentina\/acceso-a-derechos-en-argentina\/solicitar-la-condicion-de-refugiado\/","title":{"rendered":"Solicitar la condici\u00f3n de refugiado\/a en Argentina"},"content":{"rendered":"\n<p>Los pasos para solicitar la condici\u00f3n de refugiado\/a son:<\/p>\n\n\n\n<h2 class=\"wp-block-heading\">1. Presentaci\u00f3n de la solicitud<\/h2>\n\n\n\n<p>La solicitud de la\ncondici\u00f3n de refugiado\/a se realiza personalmente y puede presentarse de forma\nverbal o escrita en:&nbsp;<\/p>\n\n\n\n<ul class=\"wp-block-list\"><li>Ciudad Aut\u00f3noma de Buenos Aires (CABA): ante la Secretar\u00eda Ejecutiva de la Co.Na.Re <\/li><li>Interior del pa\u00eds: ante la delegaci\u00f3n\/oficina migratoria de la <a href=\"http:\/\/www.migraciones.gov.ar\/accesible\/indexdnm.php?delegaciones\" target=\"_blank\" rel=\"noreferrer noopener\" aria-label=\"Direcci\u00f3n Nacional de Migraciones (DNM) (opens in a new tab)\">Direcci\u00f3n Nacional de Migraciones (DNM)<\/a> m\u00e1s cercana.<\/li><li>Fronteras o aeropuertos: ante la autoridad migratoria al momento de ingresar al pa\u00eds. &nbsp;<ul><li>En este caso, la persona tiene un plazo de 48 horas para formalizar su solicitud ante la Secretar\u00eda Ejecutiva de la Co.Na.Re en CABA o ante la delegaci\u00f3n de la <a href=\"http:\/\/www.migraciones.gov.ar\/accesible\/indexdnm.php?delegaciones\" target=\"_blank\" rel=\"noreferrer noopener\" aria-label=\"Direcci\u00f3n Nacional de Migraciones (DNM) (opens in a new tab)\">Direcci\u00f3n Nacional de Migraciones (DNM)<\/a> m\u00e1s cercana en cualquier parte del pa\u00eds.<\/li><\/ul><\/li><\/ul>\n\n\n\n<p><strong>IMPORTANTE:<\/strong><\/p>\n\n\n\n<ul class=\"wp-block-list\"><li>El tr\u00e1mite de solicitud es totalmente gratuito y personal, no requiere gestores.<\/li><li>Para presentar la solicitud, la persona debe encontrarse en territorio argentino (por ejemplo, no es posible presentar la solicitud ante un Consulado argentino en otro pa\u00eds).<\/li><li>Solicitar la condici\u00f3n de refugiado\/a no impide solicitar la residencia ante la Direcci\u00f3n Nacional de Migraciones (DNM). Es posible iniciar ambos procesos en simult\u00e1neo.<\/li><\/ul>\n\n\n\n<h2 class=\"wp-block-heading\">2. Formalizaci\u00f3n de la solicitud<\/h2>\n\n\n\n<p>La formalizaci\u00f3n de la solicitud se realiza mediante la presentaci\u00f3n de:<\/p>\n\n\n\n<ol class=\"wp-block-list\"><li>Formulario de solicitud completo: cada caso es \u00fanico, se recomienda no firmar formatos generales ni permitir que otras personas completen la solicitud.<\/li><li>Documento que acredite su identidad (pasaporte, c\u00e9dula u otro) o explicar las razones por las cuales no se cuenta con el mismo.<\/li><li>Informaci\u00f3n sobre las razones que motivaron la salida del pa\u00eds de origen.<\/li><li>Datos de contacto, que deben mantenerse actualizados durante todo el proceso, dado que all\u00ed se informar\u00e1 sobre la evoluci\u00f3n de la solicitud.<\/li><\/ol>\n\n\n\n<p><strong>IMPORTANTE: <\/strong><\/p>\n\n\n\n<ul class=\"wp-block-list\"><li>Toda persona solicitante tiene derecho a representaci\u00f3n legal gratuita por parte de la Defensor\u00eda General de la Naci\u00f3n.<\/li><li>Toda persona solicitante tiene derecho a solicitar la asistencia gratuita de un traductor o int\u00e9rprete y a ser entrevistado\/a por un funcionario\/a del g\u00e9nero de su preferencia.<\/li><li>A los\/as ni\u00f1os\/as menores de 18 a\u00f1os no acompa\u00f1ados\/as o separados\/as de sus familiares se les asignar\u00e1 un tutor.<ul><li> No acompa\u00f1ado\/a: persona menor de 18 a\u00f1os que se encuentra separado\/a de su madre, padre y\/o cuidador\/a principal y no est\u00e1 bajo el cuidado de ning\u00fan adulto\/a que, por ley o costumbre, est\u00e9 a su cargo.<\/li><li>Separado\/a: persona menor de 18 a\u00f1os que est\u00e1 separado\/a de su madre, padre y\/o cuidador\/a principal legal o consuetudinario\/a, pero no necesariamente  de otros parientes. Esto puede, por lo tanto, incluir ni\u00f1os y ni\u00f1as acompa\u00f1ados por otros miembros adultos de la familia (Ej: Abuelos\/as,  tios\/as). <\/li><\/ul><\/li><\/ul>\n\n\n\n<h2 class=\"wp-block-heading\">3. Obtenci\u00f3n de documentaci\u00f3n provisoria<\/h2>\n\n\n\n<p>Dentro de los 20 d\u00edas h\u00e1biles&nbsp;de presentada la solicitud de la condici\u00f3n de refugiado\/a, se emite un<strong>Certificado de Residencia Precaria,<\/strong> que no tiene ning\u00fan costo y es v\u00e1lido por 90 d\u00edas.<\/p>\n\n\n\n<p>El certificado permite:<\/p>\n\n\n\n<ul class=\"wp-block-list\"><li>Acreditar su condici\u00f3n de solicitante y su permanencia regular en el pa\u00eds: debe ser presentado y exhibido a las autoridades p\u00fablicas que lo requieran, pero s\u00f3lo puede ser retenido justificadamente por la Secretar\u00eda de la CONARE<\/li><li>Transitar libremente por el territorio nacional.<\/li><li>Trabajar formalmente en Argentina, de acuerdo con las normas laborales vigentes, gestionando el <a rel=\"noreferrer noopener\" aria-label=\"CUIL (opens in a new tab)\" href=\"https:\/\/www.anses.gob.ar\/tramite\/generacion-de-cuil\" target=\"_blank\">CUIL<\/a><a> <\/a>(C\u00f3digo \u00danico de Identidad Laboral).<\/li><li>Acceder a todos los servicios p\u00fablicos de salud y educaci\u00f3n.<\/li><\/ul>\n\n\n\n<p>El certificado debe ser renovado, siempre antes de su vencimiento, ante la Co.Na.Re. o la delegaci\u00f3n <a href=\"http:\/\/www.migraciones.gov.ar\/accesible\/indexdnm.php?delegaciones\">DNM<\/a> m\u00e1s cercana, cuantas veces sea necesario hasta la resoluci\u00f3n de su solicitud.<\/p>\n\n\n\n<p><strong>IMPORTANTE:&nbsp;<\/strong><\/p>\n\n\n\n<ul class=\"wp-block-list\"><li>No existe un plazo preestablecido en el que la CONARE\ndeba decidir una solicitud, depende de la complejidad de cada caso.<\/li><li>No existe prohibici\u00f3n alguna para salir del pa\u00eds\ndurante la tramitaci\u00f3n de la solicitud, pero se debe cumplir con los siguientes\nrequisitos:<ul><li>Contar con documento de viaje v\u00e1lido (el\ncertificado no lo es)<\/li><\/ul><ul><li>Si fuera necesaria por la nacionalidad de la\npersona solicitante, gestionar visa consular para el reingreso al pa\u00eds,<\/li><\/ul><ul><li>Informar a la Secretar\u00eda Ejecutiva de la Co.Na.Re.,\nexpresando los motivos y las fechas de viaje.<\/li><\/ul><\/li><\/ul>\n\n\n\n<h2 class=\"wp-block-heading\">4. Entrevista personal<\/h2>\n\n\n\n<p>Antes de la\nentrevista, la Secretar\u00eda T\u00e9cnica de la Co.Na.Re. revisa la informaci\u00f3n sobre la\nsolicitud y env\u00eda una citaci\u00f3n con los detalles de fecha y horario de la\nentrevista.<\/p>\n\n\n\n<p>Durante la\nentrevista, un\/a funcionario\/a de la Secretar\u00eda Ejecutiva de la\nCo.Na.Re, pregunta sobre los hechos que llevaron a la persona solicitante a\nabandonar su pa\u00eds de origen. <\/p>\n\n\n\n<p><strong>IMPORTANTE: <\/strong><\/p>\n\n\n\n<ul class=\"wp-block-list\"><li>Si la persona solicitante cuenta con representaci\u00f3n legal, su abogado\/a puede acompa\u00f1arle durante la entrevista.<\/li><li>Toda persona solicitante tiene derecho a solicitar la asistencia gratuita de un traductor o int\u00e9rprete y a ser entrevistado\/a por un funcionario\/a del g\u00e9nero de su preferencia.<\/li><li>Toda la informaci\u00f3n relativa a la solicitud es considerada confidencial. No puede ser compartida, especialmente con las autoridades del pa\u00eds de origen.<\/li><\/ul>\n\n\n\n<h2 class=\"wp-block-heading\">5. Resoluci\u00f3n de la solicitud<\/h2>\n\n\n\n<p>Despu\u00e9s de analizar la solicitud, la Co.Na.Re. toma una decisi\u00f3n.<\/p>\n\n\n\n<h3 class=\"wp-block-heading\">5.a Reconocimiento<\/h3>\n\n\n\n<p>La persona solicitante obtiene una residencia temporal por dos a\u00f1os, al t\u00e9rmino de la cual puede renovarla por per\u00edodos iguales o solicitar una residencia permanente.<\/p>\n\n\n\n<h3 class=\"wp-block-heading\">5.b Denegaci\u00f3n<\/h3>\n\n\n\n<p>La\npersona solicitante tiene derecho a pedir revisi\u00f3n de la decisi\u00f3n mediante un\nrecurso por escrito donde explique las razones de su desconformidad.<\/p>\n\n\n\n<p>Este escrito debe ser presentado dentro de\nlos 10 d\u00edas h\u00e1biles posteriores a la fecha en que se le notifica la decisi\u00f3n de\nCo.Na.Re.<\/p>\n\n\n\n<p><strong>Revisi\u00f3n judicial:<\/strong> Si la\ndecisi\u00f3n fuese tambi\u00e9n negativa, la persona solicitante tiene derecho a pedir\nrevisi\u00f3n judicial de la resoluci\u00f3n, para lo cual debe contar con representaci\u00f3n\nlegal.<\/p>\n\n\n\n<p><strong>IMPORTANTE: si la decisi\u00f3n judicial tambi\u00e9n resulta negativa, es posible iniciar un tr\u00e1mite de <a rel=\"noreferrer noopener\" aria-label=\"regularizaci\u00f3n migratoria (opens in a new tab)\" href=\"https:\/\/www.argentina.gob.ar\/interior\/migraciones\/residencias\" target=\"_blank\">regularizaci\u00f3n migratoria<\/a><\/strong>.<\/p>\n\n\n\n<h2 class=\"wp-block-heading\">6. Obtenci\u00f3n de documentaci\u00f3n como persona refugiada<\/h2>\n\n\n\n<p>Las personas reconocidas como refugiadas pueden\ntramitar:<\/p>\n\n\n\n<ul class=\"wp-block-list\"><li>Documento\nNacional de Identidad (DNI), sin costo.<\/li><li>Documento de\nviaje para personas refugiadas, pagando el mismo costo que un\/a nacional\nargentino\/a.<\/li><\/ul>\n\n\n\n<p><strong>IMPORTANTE: Las personas refugiadas pueden solicitar a la Co.Na.Re la reunificaci\u00f3n con sus familiares.<\/strong><\/p>\n","protected":false},"excerpt":{"rendered":"<p>Los pasos para solicitar la condici\u00f3n de refugiado\/a son: 1. Presentaci\u00f3n de la solicitud La solicitud de la condici\u00f3n de refugiado\/a se realiza personalmente y puede presentarse de forma verbal o escrita en:&nbsp; Ciudad Aut\u00f3noma de Buenos Aires (CABA): ante la Secretar\u00eda Ejecutiva de la Co.Na.Re Interior del pa\u00eds: ante la delegaci\u00f3n\/oficina migratoria de la [&hellip;]<\/p>\n","protected":false},"author":74,"featured_media":0,"parent":153,"menu_order":2,"comment_status":"closed","ping_status":"closed","template":"","meta":{"_acf_changed":false,"footnotes":""},"class_list":["post-155","page","type-page","status-publish","hentry"],"acf":[],"_links":{"self":[{"href":"https:\/\/help.unhcr.org\/argentina\/wp-json\/wp\/v2\/pages\/155","targetHints":{"allow":["GET"]}}],"collection":[{"href":"https:\/\/help.unhcr.org\/argentina\/wp-json\/wp\/v2\/pages"}],"about":[{"href":"https:\/\/help.unhcr.org\/argentina\/wp-json\/wp\/v2\/types\/page"}],"author":[{"embeddable":true,"href":"https:\/\/help.unhcr.org\/argentina\/wp-json\/wp\/v2\/users\/74"}],"replies":[{"embeddable":true,"href":"https:\/\/help.unhcr.org\/argentina\/wp-json\/wp\/v2\/comments?post=155"}],"version-history":[{"count":2,"href":"https:\/\/help.unhcr.org\/argentina\/wp-json\/wp\/v2\/pages\/155\/revisions"}],"predecessor-version":[{"id":165,"href":"https:\/\/help.unhcr.org\/argentina\/wp-json\/wp\/v2\/pages\/155\/revisions\/165"}],"up":[{"embeddable":true,"href":"https:\/\/help.unhcr.org\/argentina\/wp-json\/wp\/v2\/pages\/153"}],"wp:attachment":[{"href":"https:\/\/help.unhcr.org\/argentina\/wp-json\/wp\/v2\/media?parent=155"}],"curies":[{"name":"wp","href":"https:\/\/api.w.org\/{rel}","templated":true}]}}